{"id":255,"date":"2018-08-06T17:05:49","date_gmt":"2018-08-06T17:05:49","guid":{"rendered":"http:\/\/localhost\/wordpress\/?page_id=255"},"modified":"2022-05-16T14:32:37","modified_gmt":"2022-05-16T14:32:37","slug":"servicio-medico","status":"publish","type":"page","link":"https:\/\/nashvilleschool.edu.hn\/wpnst\/servicio-medico\/","title":{"rendered":"Servicio M\u00e9dico"},"content":{"rendered":"\t\t<div data-elementor-type=\"wp-page\" data-elementor-id=\"255\" class=\"elementor elementor-255\">\n\t\t\t\t\t\t<section class=\"elementor-section elementor-top-section elementor-element elementor-element-b0feac4 elementor-section-boxed elementor-section-height-default elementor-section-height-default\" data-id=\"b0feac4\" data-element_type=\"section\">\n\t\t\t\t\t\t<div class=\"elementor-container elementor-column-gap-default\">\n\t\t\t\t\t<div class=\"elementor-column elementor-col-33 elementor-top-column elementor-element elementor-element-b614ad2\" data-id=\"b614ad2\" data-element_type=\"column\">\n\t\t\t<div class=\"elementor-widget-wrap elementor-element-populated\">\n\t\t\t\t\t\t<div class=\"elementor-element elementor-element-7d0b05b elementor-widget elementor-widget-image\" data-id=\"7d0b05b\" data-element_type=\"widget\" data-widget_type=\"image.default\">\n\t\t\t\t<div class=\"elementor-widget-container\">\n\t\t\t\t\t\t\t\t\t\t\t\t\t\t\t<img fetchpriority=\"high\" decoding=\"async\" width=\"1024\" height=\"1024\" src=\"https:\/\/nashvilleschool.edu.hn\/wpnst\/wp-content\/uploads\/2022\/05\/MARCOS-FOTOS_ARIANA-ISABEL-FLORES-MELGAR-DOCTORA-1024x1024.jpg\" class=\"attachment-large size-large wp-image-2393\" alt=\"\" srcset=\"https:\/\/nashvilleschool.edu.hn\/wpnst\/wp-content\/uploads\/2022\/05\/MARCOS-FOTOS_ARIANA-ISABEL-FLORES-MELGAR-DOCTORA-1024x1024.jpg 1024w, https:\/\/nashvilleschool.edu.hn\/wpnst\/wp-content\/uploads\/2022\/05\/MARCOS-FOTOS_ARIANA-ISABEL-FLORES-MELGAR-DOCTORA-150x150.jpg 150w, https:\/\/nashvilleschool.edu.hn\/wpnst\/wp-content\/uploads\/2022\/05\/MARCOS-FOTOS_ARIANA-ISABEL-FLORES-MELGAR-DOCTORA-300x300.jpg 300w, https:\/\/nashvilleschool.edu.hn\/wpnst\/wp-content\/uploads\/2022\/05\/MARCOS-FOTOS_ARIANA-ISABEL-FLORES-MELGAR-DOCTORA-768x768.jpg 768w, https:\/\/nashvilleschool.edu.hn\/wpnst\/wp-content\/uploads\/2022\/05\/MARCOS-FOTOS_ARIANA-ISABEL-FLORES-MELGAR-DOCTORA-830x830.jpg 830w, https:\/\/nashvilleschool.edu.hn\/wpnst\/wp-content\/uploads\/2022\/05\/MARCOS-FOTOS_ARIANA-ISABEL-FLORES-MELGAR-DOCTORA-230x230.jpg 230w, https:\/\/nashvilleschool.edu.hn\/wpnst\/wp-content\/uploads\/2022\/05\/MARCOS-FOTOS_ARIANA-ISABEL-FLORES-MELGAR-DOCTORA-350x350.jpg 350w, https:\/\/nashvilleschool.edu.hn\/wpnst\/wp-content\/uploads\/2022\/05\/MARCOS-FOTOS_ARIANA-ISABEL-FLORES-MELGAR-DOCTORA-480x480.jpg 480w\" sizes=\"(max-width: 1024px) 100vw, 1024px\" \/>\t\t\t\t\t\t\t\t\t\t\t\t\t\t\t<\/div>\n\t\t\t\t<\/div>\n\t\t\t\t\t<\/div>\n\t\t<\/div>\n\t\t\t\t<div class=\"elementor-column elementor-col-66 elementor-top-column elementor-element elementor-element-f86a192\" data-id=\"f86a192\" data-element_type=\"column\">\n\t\t\t<div class=\"elementor-widget-wrap elementor-element-populated\">\n\t\t\t\t\t\t<div class=\"elementor-element elementor-element-7c617a6 elementor-widget elementor-widget-text-editor\" data-id=\"7c617a6\" data-element_type=\"widget\" data-widget_type=\"text-editor.default\">\n\t\t\t\t<div class=\"elementor-widget-container\">\n\t\t\t\t\t\t\t\t\t<p><style>\n<!-- \/* Font Definitions *\/ @font-face {font-family:\"Cambria Math\"; panose-1:2 4 5 3 5 4 6 3 2 4; mso-font-charset:0; mso-generic-font-family:roman; mso-font-pitch:variable; mso-font-signature:3 0 0 0 1 0;} @font-face {font-family:Calibri; panose-1:2 15 5 2 2 2 4 3 2 4; mso-font-charset:0; mso-generic-font-family:swiss; mso-font-pitch:variable; mso-font-signature:-536859905 -1073697537 9 0 511 0;} \/* Style Definitions *\/ p.MsoNormal, li.MsoNormal, div.MsoNormal {mso-style-unhide:no; mso-style-qformat:yes; mso-style-parent:\"\"; margin-top:0cm; margin-right:0cm; margin-bottom:8.0pt; margin-left:0cm; line-height:107%; mso-pagination:widow-orphan; font-size:11.0pt; font-family:\"Calibri\",sans-serif; mso-ascii-font-family:Calibri; mso-ascii-theme-font:minor-latin; mso-fareast-font-family:Calibri; mso-fareast-theme-font:minor-latin; mso-hansi-font-family:Calibri; mso-hansi-theme-font:minor-latin; mso-bidi-font-family:\"Times New Roman\"; mso-bidi-theme-font:minor-bidi; mso-fareast-language:EN-US;} a:link, span.MsoHyperlink {mso-style-priority:99; color:#0563C1; mso-themecolor:hyperlink; text-decoration:underline; text-underline:single;} a:visited, span.MsoHyperlinkFollowed {mso-style-noshow:yes; mso-style-priority:99; color:#954F72; mso-themecolor:followedhyperlink; text-decoration:underline; text-underline:single;} .MsoChpDefault {mso-style-type:export-only; mso-default-props:yes; font-size:11.0pt; mso-ansi-font-size:11.0pt; mso-bidi-font-size:11.0pt; font-family:\"Calibri\",sans-serif; mso-ascii-font-family:Calibri; mso-ascii-theme-font:minor-latin; mso-fareast-font-family:Calibri; mso-fareast-theme-font:minor-latin; mso-hansi-font-family:Calibri; mso-hansi-theme-font:minor-latin; mso-bidi-font-family:\"Times New Roman\"; mso-bidi-theme-font:minor-bidi; mso-fareast-language:EN-US;} .MsoPapDefault {mso-style-type:export-only; margin-bottom:8.0pt; line-height:107%;} @page WordSection1 {size:612.0pt 792.0pt; margin:70.85pt 3.0cm 70.85pt 3.0cm; mso-header-margin:36.0pt; mso-footer-margin:36.0pt; mso-paper-source:0;} div.WordSection1 {page:WordSection1;} --><br \/><\/style><\/p><p style=\"text-align: justify; line-height: 150%;\"><span style=\"font-size: 12.0pt; line-height: 150%; font-family: 'Arial',sans-serif; color: black; mso-themecolor: text1;\">La cl\u00ednica m\u00e9dica escolar es un \u00e1rea donde se brinda atenci\u00f3n primaria en salud a la poblaci\u00f3n escolar, personal docentes, administrativo y de servicio dentro de la jornada laboral.<\/span><\/p><p style=\"text-align: justify; line-height: 150%;\"><b style=\"mso-bidi-font-weight: normal;\"><span style=\"font-size: 12.0pt; line-height: 150%; font-family: 'Arial',sans-serif; color: black; mso-themecolor: text1;\">Horario Atenci\u00f3n: <\/span><\/b><span style=\"font-size: 12.0pt; line-height: 150%; font-family: 'Arial',sans-serif; color: black; mso-themecolor: text1;\">lunes a viernes \u00a07:00am a 3:00pm<\/span><\/p><p style=\"text-align: justify; line-height: 150%;\"><b style=\"mso-bidi-font-weight: normal;\"><span style=\"font-size: 12.0pt; line-height: 150%; font-family: 'Arial',sans-serif; color: black; mso-themecolor: text1;\">Responsable:<\/span><\/b><span style=\"font-size: 12.0pt; line-height: 150%; font-family: 'Arial',sans-serif; color: black; mso-themecolor: text1;\"> Dra. ARIANA ISABEL FLORES MELGAR<\/span><\/p><p style=\"text-align: justify; line-height: 150%;\"><b style=\"mso-bidi-font-weight: normal;\"><span style=\"font-size: 12.0pt; line-height: 150%; font-family: 'Arial',sans-serif; color: black; mso-themecolor: text1;\">Contacto:<\/span><\/b> <a href=\"mailto:ariana.flores@nashvilleschool.edu.hn\" target=\"_blank\" rel=\"noopener\">ariana.flores@nashvilleschool.<wbr \/>edu.hn<\/a><\/p>\t\t\t\t\t\t\t\t<\/div>\n\t\t\t\t<\/div>\n\t\t\t\t\t<\/div>\n\t\t<\/div>\n\t\t\t\t\t<\/div>\n\t\t<\/section>\n\t\t\t\t<section class=\"elementor-section elementor-top-section elementor-element elementor-element-dc2c28c elementor-section-boxed elementor-section-height-default elementor-section-height-default\" data-id=\"dc2c28c\" data-element_type=\"section\">\n\t\t\t\t\t\t<div class=\"elementor-container elementor-column-gap-default\">\n\t\t\t\t\t<div class=\"elementor-column elementor-col-100 elementor-top-column elementor-element elementor-element-266aa00\" data-id=\"266aa00\" data-element_type=\"column\">\n\t\t\t<div class=\"elementor-widget-wrap elementor-element-populated\">\n\t\t\t\t\t\t<div class=\"elementor-element elementor-element-ba25bab elementor-widget elementor-widget-text-editor\" data-id=\"ba25bab\" data-element_type=\"widget\" data-widget_type=\"text-editor.default\">\n\t\t\t\t<div class=\"elementor-widget-container\">\n\t\t\t\t\t\t\t\t\t<p><style>\n<!-- \/* Font Definitions *\/ @font-face {font-family:\"Cambria Math\"; panose-1:2 4 5 3 5 4 6 3 2 4; mso-font-charset:0; mso-generic-font-family:roman; mso-font-pitch:variable; mso-font-signature:3 0 0 0 1 0;} @font-face {font-family:Calibri; panose-1:2 15 5 2 2 2 4 3 2 4; mso-font-charset:0; mso-generic-font-family:swiss; mso-font-pitch:variable; mso-font-signature:-536859905 -1073697537 9 0 511 0;} \/* Style Definitions *\/ p.MsoNormal, li.MsoNormal, div.MsoNormal {mso-style-unhide:no; mso-style-qformat:yes; mso-style-parent:\"\"; margin-top:0cm; margin-right:0cm; margin-bottom:8.0pt; margin-left:0cm; line-height:107%; mso-pagination:widow-orphan; font-size:11.0pt; font-family:\"Calibri\",sans-serif; mso-ascii-font-family:Calibri; mso-ascii-theme-font:minor-latin; mso-fareast-font-family:Calibri; mso-fareast-theme-font:minor-latin; mso-hansi-font-family:Calibri; mso-hansi-theme-font:minor-latin; mso-bidi-font-family:\"Times New Roman\"; mso-bidi-theme-font:minor-bidi; mso-fareast-language:EN-US;} .MsoChpDefault {mso-style-type:export-only; mso-default-props:yes; font-size:11.0pt; mso-ansi-font-size:11.0pt; mso-bidi-font-size:11.0pt; font-family:\"Calibri\",sans-serif; mso-ascii-font-family:Calibri; mso-ascii-theme-font:minor-latin; mso-fareast-font-family:Calibri; mso-fareast-theme-font:minor-latin; mso-hansi-font-family:Calibri; mso-hansi-theme-font:minor-latin; mso-bidi-font-family:\"Times New Roman\"; mso-bidi-theme-font:minor-bidi; mso-fareast-language:EN-US;} .MsoPapDefault {mso-style-type:export-only; margin-bottom:8.0pt; line-height:107%;} @page WordSection1 {size:612.0pt 792.0pt; margin:70.85pt 3.0cm 70.85pt 3.0cm; mso-header-margin:35.4pt; mso-footer-margin:35.4pt; mso-paper-source:0;} div.WordSection1 {page:WordSection1;} --><br \/><\/style><\/p><p style=\"text-align: justify; line-height: 150%;\"><b style=\"mso-bidi-font-weight: normal;\"><span style=\"font-size: 12.0pt; line-height: 150%; font-family: 'Arial',sans-serif;\">Objetivo<\/span><\/b><\/p><p style=\"text-align: justify; line-height: 150%;\"><span style=\"font-size: 12.0pt; line-height: 150%; font-family: 'Arial',sans-serif;\">Ofrecer una primera atenci\u00f3n m\u00e9dica para asegurar el bienestar f\u00edsico de los estudiantes y personal que labora en Nashville School. <\/span><\/p><p style=\"text-align: justify; line-height: 150%;\"><b style=\"mso-bidi-font-weight: normal;\"><span style=\"font-size: 12.0pt; line-height: 150%; font-family: 'Arial',sans-serif;\">Funciones:<\/span><\/b><\/p><p style=\"text-align: justify; line-height: 150%;\"><span style=\"font-size: 12.0pt; line-height: 150%; font-family: 'Arial',sans-serif;\">Proporcionar una primera atenci\u00f3n a problemas de salud, ofreciendo manejo m\u00e9dico a enfermedades leves y emergencias que requieran una evaluaci\u00f3n y atenci\u00f3n inmediata dentro de los l\u00edmites de atenci\u00f3n primaria para estudiantes y personal que labora en la escuela.<\/span><\/p><p style=\"text-align: justify; line-height: 150%;\"><b style=\"mso-bidi-font-weight: normal;\"><span style=\"font-size: 12.0pt; line-height: 150%; font-family: 'Arial',sans-serif;\">Protocolo<\/span><\/b><\/p><p style=\"text-align: justify; line-height: 150%;\"><span style=\"font-size: 12.0pt; line-height: 150%; font-family: 'Arial',sans-serif;\">La cl\u00ednica m\u00e9dica tiene como objetivo velar por la salud de los estudiantes y el personal de la Instituci\u00f3n es por eso que se elabora un manual sobre los manejos m\u00e9dicos realizados y los pasos a seguir cuando ocurre una emergencia dentro del horario de clases, y con ello informar de forma clara y precisa a los Padres de Familia de nuestros estudiantes.<\/span><\/p><p style=\"text-align: justify; line-height: 150%;\"><b style=\"mso-bidi-font-weight: normal;\"><span style=\"font-size: 12.0pt; line-height: 150%; font-family: 'Arial',sans-serif;\">Uso de f\u00e1rmacos: <\/span><\/b><\/p><p style=\"text-align: justify; line-height: 150%;\"><span style=\"font-size: 12.0pt; line-height: 150%; font-family: 'Arial',sans-serif;\">Se utilizan medicamentos para enfermedades y dolencias leves previa autorizaci\u00f3n de los padres la cual es firmada en cada matricula.<\/span><\/p><p style=\"text-align: justify; line-height: 150%;\"><span style=\"font-size: 12.0pt; line-height: 150%; font-family: 'Arial',sans-serif;\">Medicamentos utilizados en la cl\u00ednica escolar: <\/span><\/p><p style=\"text-align: justify; line-height: 150%;\"><span style=\"font-size: 12.0pt; line-height: 150%; font-family: 'Arial',sans-serif;\">1. Analg\u00e9sicos (alivio del dolor y fiebre: acetaminof\u00e9n y paracetamol)<\/span><\/p><p style=\"text-align: justify; line-height: 150%;\"><span style=\"font-size: 12.0pt; line-height: 150%; font-family: 'Arial',sans-serif;\">2. Antiespasm\u00f3dico (alivio de c\u00f3licos: aeroom)<\/span><\/p><p style=\"text-align: justify; line-height: 150%;\"><span style=\"font-size: 12.0pt; line-height: 150%; font-family: 'Arial',sans-serif;\">3. Antiinflamatorio (alivio de inflamaci\u00f3n: ibuprofeno, diclofenac)<\/span><\/p><p style=\"text-align: justify; line-height: 150%;\"><span style=\"font-size: 12.0pt; line-height: 150%; font-family: 'Arial',sans-serif;\">4. Antial\u00e9rgico (alivio de alergias y picaduras: alergil, loratadina)<\/span><\/p><p style=\"text-align: justify; line-height: 150%;\"><span style=\"font-size: 12.0pt; line-height: 150%; font-family: 'Arial',sans-serif;\">5. restablecedores de la flora intestinal (enterogermina, pediarol)<\/span><\/p><p style=\"text-align: justify; line-height: 150%;\"><span style=\"font-size: 12.0pt; line-height: 150%; font-family: 'Arial',sans-serif;\">6. Antipruriginoso t\u00f3pico (alivio de picaz\u00f3n: caladryl, calamina)<\/span><\/p><p style=\"text-align: justify; line-height: 150%;\"><span style=\"font-size: 12.0pt; line-height: 150%; font-family: 'Arial',sans-serif;\">7. Medicamento para gripe\/ tos: (abrilar, Tusilexil, neogripal)<\/span><\/p><p style=\"text-align: justify; line-height: 150%;\"><span style=\"font-size: 12.0pt; line-height: 150%; font-family: 'Arial',sans-serif;\">8. Antiem\u00e9tico (dramanyl)<\/span><\/p><p style=\"text-align: justify; line-height: 150%;\"><span style=\"font-size: 12.0pt; line-height: 150%; font-family: 'Arial',sans-serif;\">9. Antibi\u00f3tico (amoxicilina) <\/span><\/p><p style=\"text-align: justify; line-height: 150%;\"><span style=\"font-size: 12.0pt; line-height: 150%; font-family: 'Arial',sans-serif;\">10. Antiinflamatorios esteroideos (pulmicort, betametasona, hidrocortisona)<span style=\"mso-tab-count: 1;\">\u00a0\u00a0\u00a0\u00a0\u00a0\u00a0\u00a0 <\/span><\/span><\/p><p style=\"text-align: justify; line-height: 150%;\"><span style=\"font-size: 12.0pt; line-height: 150%; font-family: 'Arial',sans-serif;\">11. Broncodilatadores (salbutamol, atrovent)<\/span><\/p><p style=\"text-align: justify; line-height: 150%;\"><span style=\"font-size: 12.0pt; line-height: 150%; font-family: 'Arial',sans-serif;\">12. Anest\u00e9sico (gotas calmantes del dolor de o\u00eddos y muelas, anestil)<\/span><span style=\"font-size: 12.0pt; line-height: 150%; font-family: 'Arial',sans-serif;\">\u00a0<\/span><\/p><p style=\"text-align: justify; line-height: 150%;\"><b style=\"mso-bidi-font-weight: normal;\"><span style=\"font-size: 12.0pt; line-height: 150%; font-family: 'Arial',sans-serif;\">En el caso de emergencia:<\/span><\/b><\/p><p style=\"text-align: justify; line-height: 150%;\"><span style=\"font-size: 12.0pt; line-height: 150%; font-family: 'Arial',sans-serif;\">El m\u00e9dico de la cl\u00ednica escolar eval\u00faa y da una primera atenci\u00f3n a la emergencia, como ser convulsiones, traumatismos moderados o severos, crisis de asma, reacciones al\u00e9rgicas, fracturas, heridas, v\u00f3mitos persistencia con intolerancia a la v\u00eda oral, abdomen agudo o cualquier otra enfermedad que ponga en riesgo la vida de un estudiante.<\/span><\/p><p style=\"text-align: justify; line-height: 150%;\"><span style=\"font-size: 12.0pt; line-height: 150%; font-family: 'Arial',sans-serif;\">Inmediatamente se contacta al padre o encargado para informarle de lo ocurrido y que se dirija a la escuela en la brevedad posible.<\/span><\/p><p style=\"text-align: justify; line-height: 150%;\"><span style=\"font-size: 12.0pt; line-height: 150%; font-family: 'Arial',sans-serif;\">En el caso que el padre o encargado no pueda trasladarse inmediatamente el medico asignado acompa\u00f1ara al estudiante en la ambulancia o el traslado hacia el centro m\u00e9dico asistencial de preferencia para el padre.<\/span><\/p><p style=\"text-align: justify; line-height: 150%;\"><b style=\"mso-bidi-font-weight: normal;\"><span style=\"font-size: 12.0pt; line-height: 150%; font-family: 'Arial',sans-serif;\">Estados de salud moderados o cr\u00f3nicos:<\/span><\/b><\/p><p style=\"text-align: justify; line-height: 150%;\"><span style=\"font-size: 12.0pt; line-height: 150%; font-family: 'Arial',sans-serif;\">En el caso de problemas de salud que no mejoran despu\u00e9s de una primera atenci\u00f3n ser\u00e1n reemitidos al pediatra para una evaluaci\u00f3n m\u00e1s profunda y un tratamiento especializado, el m\u00e9dico general escribir\u00e1 la remisi\u00f3n y ser\u00e1 enviada en la agenda escolar o en una nota m\u00e9dica para los estudiantes de secundaria.<\/span><\/p><p style=\"text-align: justify; line-height: 150%;\"><b style=\"mso-bidi-font-weight: normal;\"><span style=\"font-size: 12.0pt; line-height: 150%; font-family: 'Arial',sans-serif;\">Estados de salud leves:<\/span><\/b><\/p><p style=\"text-align: justify; line-height: 150%;\"><span style=\"font-size: 12.0pt; line-height: 150%; font-family: 'Arial',sans-serif;\">En el caso de dolencias o enfermedades leves como ser dolores de cabeza, dolor abdominal, cualquier dolor no grave previa autorizaci\u00f3n del padre se m\u00e9dica y observa y al tener mejor\u00eda el estudiante continuar\u00e1 con sus actividades acad\u00e9micas normales. Se describe a detalle el manejo realizado en las agendas escolares.<\/span><\/p><p style=\"text-align: justify; line-height: 150%;\"><b style=\"mso-bidi-font-weight: normal;\"><span style=\"font-size: 12.0pt; line-height: 150%; font-family: 'Arial',sans-serif;\">Contacto con Cl\u00ednica M\u00e9dica Escolar:<\/span><\/b><\/p><p style=\"text-align: justify; line-height: 150%;\"><span style=\"font-size: 12.0pt; line-height: 150%; font-family: 'Arial',sans-serif;\">Ante cualquier duda o sugerencia puede contactarse con la <strong>Dra. ARIANA ISABEL FLORES MELGAR<\/strong> llamando al <b style=\"mso-bidi-font-weight: normal;\">2236-6466 o 2236-6303<\/b> donde gustosamente se le atender\u00e1.<\/span><\/p><p style=\"text-align: justify; line-height: 150%;\"><span style=\"font-size: 12.0pt; line-height: 150%; font-family: 'Arial',sans-serif;\">\u00a0<\/span><\/p>\t\t\t\t\t\t\t\t<\/div>\n\t\t\t\t<\/div>\n\t\t\t\t\t<\/div>\n\t\t<\/div>\n\t\t\t\t\t<\/div>\n\t\t<\/section>\n\t\t\t\t<\/div>\n\t\t","protected":false},"excerpt":{"rendered":"<p>La cl\u00ednica m\u00e9dica escolar es un \u00e1rea donde se brinda atenci\u00f3n primaria en salud a la poblaci\u00f3n escolar, personal docentes, administrativo y [&hellip;]<\/p>\n","protected":false},"author":1,"featured_media":0,"parent":0,"menu_order":0,"comment_status":"closed","ping_status":"closed","template":"","meta":{"footnotes":""},"class_list":["post-255","page","type-page","status-publish","hentry"],"_links":{"self":[{"href":"https:\/\/nashvilleschool.edu.hn\/wpnst\/wp-json\/wp\/v2\/pages\/255","targetHints":{"allow":["GET"]}}],"collection":[{"href":"https:\/\/nashvilleschool.edu.hn\/wpnst\/wp-json\/wp\/v2\/pages"}],"about":[{"href":"https:\/\/nashvilleschool.edu.hn\/wpnst\/wp-json\/wp\/v2\/types\/page"}],"author":[{"embeddable":true,"href":"https:\/\/nashvilleschool.edu.hn\/wpnst\/wp-json\/wp\/v2\/users\/1"}],"replies":[{"embeddable":true,"href":"https:\/\/nashvilleschool.edu.hn\/wpnst\/wp-json\/wp\/v2\/comments?post=255"}],"version-history":[{"count":8,"href":"https:\/\/nashvilleschool.edu.hn\/wpnst\/wp-json\/wp\/v2\/pages\/255\/revisions"}],"predecessor-version":[{"id":2405,"href":"https:\/\/nashvilleschool.edu.hn\/wpnst\/wp-json\/wp\/v2\/pages\/255\/revisions\/2405"}],"wp:attachment":[{"href":"https:\/\/nashvilleschool.edu.hn\/wpnst\/wp-json\/wp\/v2\/media?parent=255"}],"curies":[{"name":"wp","href":"https:\/\/api.w.org\/{rel}","templated":true}]}}