{"id":1129,"date":"2019-12-05T04:10:28","date_gmt":"2019-12-05T04:10:28","guid":{"rendered":"http:\/\/nashvilleschool.edu.hn\/wpnst\/?page_id=1129"},"modified":"2019-12-06T21:39:57","modified_gmt":"2019-12-06T21:39:57","slug":"responsabilidad-social-estudiantil","status":"publish","type":"page","link":"https:\/\/nashvilleschool.edu.hn\/wpnst\/vida-del-estudiante\/responsabilidad-social-estudiantil\/","title":{"rendered":"Responsabilidad Social Estudiantil"},"content":{"rendered":"\t\t<div data-elementor-type=\"wp-page\" data-elementor-id=\"1129\" class=\"elementor elementor-1129\">\n\t\t\t\t\t\t<section class=\"elementor-section elementor-top-section elementor-element elementor-element-9f77a10 elementor-section-boxed elementor-section-height-default elementor-section-height-default\" data-id=\"9f77a10\" data-element_type=\"section\">\n\t\t\t\t\t\t<div class=\"elementor-container elementor-column-gap-default\">\n\t\t\t\t\t<div class=\"elementor-column elementor-col-100 elementor-top-column elementor-element elementor-element-ae37e8c\" data-id=\"ae37e8c\" data-element_type=\"column\">\n\t\t\t<div class=\"elementor-widget-wrap\">\n\t\t\t\t\t\t\t<\/div>\n\t\t<\/div>\n\t\t\t\t\t<\/div>\n\t\t<\/section>\n\t\t\t\t<section class=\"elementor-section elementor-top-section elementor-element elementor-element-fda46fb elementor-section-boxed elementor-section-height-default elementor-section-height-default\" data-id=\"fda46fb\" data-element_type=\"section\">\n\t\t\t\t\t\t<div class=\"elementor-container elementor-column-gap-default\">\n\t\t\t\t\t<div class=\"elementor-column elementor-col-33 elementor-top-column elementor-element elementor-element-a9b769e\" data-id=\"a9b769e\" data-element_type=\"column\">\n\t\t\t<div class=\"elementor-widget-wrap elementor-element-populated\">\n\t\t\t\t\t\t<div class=\"elementor-element elementor-element-cb22871 elementor-widget elementor-widget-heading\" data-id=\"cb22871\" data-element_type=\"widget\" data-widget_type=\"heading.default\">\n\t\t\t\t<div class=\"elementor-widget-container\">\n\t\t\t\t\t<h4 class=\"elementor-heading-title elementor-size-default\">Programa de Solidaridad<br>\n\nSolidarity Program<br>\n\n\"Predators for Honduras\"<br><\/h4>\t\t\t\t<\/div>\n\t\t\t\t<\/div>\n\t\t\t\t<div class=\"elementor-element elementor-element-65189da elementor-widget elementor-widget-image\" data-id=\"65189da\" data-element_type=\"widget\" data-widget_type=\"image.default\">\n\t\t\t\t<div class=\"elementor-widget-container\">\n\t\t\t\t\t\t\t\t\t\t\t\t\t\t\t<img fetchpriority=\"high\" decoding=\"async\" width=\"320\" height=\"361\" src=\"https:\/\/nashvilleschool.edu.hn\/wpnst\/wp-content\/uploads\/2019\/12\/NS-SOlidaridad.jpg\" class=\"attachment-large size-large wp-image-1131\" alt=\"\" srcset=\"https:\/\/nashvilleschool.edu.hn\/wpnst\/wp-content\/uploads\/2019\/12\/NS-SOlidaridad.jpg 320w, https:\/\/nashvilleschool.edu.hn\/wpnst\/wp-content\/uploads\/2019\/12\/NS-SOlidaridad-266x300.jpg 266w, https:\/\/nashvilleschool.edu.hn\/wpnst\/wp-content\/uploads\/2019\/12\/NS-SOlidaridad-230x259.jpg 230w\" sizes=\"(max-width: 320px) 100vw, 320px\" \/>\t\t\t\t\t\t\t\t\t\t\t\t\t\t\t<\/div>\n\t\t\t\t<\/div>\n\t\t\t\t\t<\/div>\n\t\t<\/div>\n\t\t\t\t<div class=\"elementor-column elementor-col-66 elementor-top-column elementor-element elementor-element-56bd246\" data-id=\"56bd246\" data-element_type=\"column\">\n\t\t\t<div class=\"elementor-widget-wrap elementor-element-populated\">\n\t\t\t\t\t\t<div class=\"elementor-element elementor-element-ada7a59 elementor-widget elementor-widget-text-editor\" data-id=\"ada7a59\" data-element_type=\"widget\" data-widget_type=\"text-editor.default\">\n\t\t\t\t<div class=\"elementor-widget-container\">\n\t\t\t\t\t\t\t\t\t<p>Podemos definir a la <strong>solidaridad<\/strong> como el acto mediante el cual una persona realiza acciones en beneficio de otro sin recibir nada a cambio. La solidaridad es, realmente, la base de la sociedad humana si se tiene en cuenta que cuid\u00e1ndonos unos a otros es que podemos sobrevivir. Sin embargo, en los d\u00edas actuales la solidaridad suele pasar desapercibida o no ocupar tanto espacio en nuestras vidas debido a todas las ocupaciones y temas a resolver que solemos tener.<\/p><p>Esto hace que el fen\u00f3meno de la solidaridad sea muy particular: hay situaciones o circunstancias en las que los habitantes de una comunidad se activan y ponen en juego la solidaridad m\u00e1s elemental (por ejemplo, cuando se organizan para ayudar a los damnificados por una cat\u00e1strofe clim\u00e1tica) pero tambi\u00e9n hay situaciones en las que el individualismo prima y cuesta ver al otro que sufre, solo, en la calle, sin amparo de nadie.<\/p>\t\t\t\t\t\t\t\t<\/div>\n\t\t\t\t<\/div>\n\t\t\t\t\t<\/div>\n\t\t<\/div>\n\t\t\t\t\t<\/div>\n\t\t<\/section>\n\t\t\t\t<section class=\"elementor-section elementor-top-section elementor-element elementor-element-71b0297 elementor-section-boxed elementor-section-height-default elementor-section-height-default\" data-id=\"71b0297\" data-element_type=\"section\">\n\t\t\t\t\t\t<div class=\"elementor-container elementor-column-gap-default\">\n\t\t\t\t\t<div class=\"elementor-column elementor-col-100 elementor-top-column elementor-element elementor-element-d37e31a\" data-id=\"d37e31a\" data-element_type=\"column\">\n\t\t\t<div class=\"elementor-widget-wrap elementor-element-populated\">\n\t\t\t\t\t\t<div class=\"elementor-element elementor-element-ab42a6f elementor-widget elementor-widget-text-editor\" data-id=\"ab42a6f\" data-element_type=\"widget\" data-widget_type=\"text-editor.default\">\n\t\t\t\t<div class=\"elementor-widget-container\">\n\t\t\t\t\t\t\t\t\t<p>We can define solidarity as the act by which a person performs actions for the benefit of another without receiving anything in return. Solidarity is really the basis of human society, if one takes into account that caring for one another is a way to survive. However, in the present day, solidarity usually goes unnoticed or does not occupy so much space in our lives due to all the occupations and issues to solve daily. Therefore, this makes the phenomenon of solidarity very particular: There are situations or circumstances in which the inhabitants of a community are motivated and then put into play the most elementary aspects of solidarity. For example, when a community is organized to help those affected by a natural disaster. Also, there are situations in which individualism prevails and it is difficult to see other individuals who suffer alone in the street without the protection of anyone.<\/p><p>\u00a0<\/p><p><strong>La solidaridad es un acto humano de ayudar al otro y contribuye al desarrollo social.<\/strong><\/p><p>La importancia de la solidaridad tiene que ver entonces directamente con el desarrollo social. En este sentido, es importante aclarar que por solidaridad entendemos cualquier acto desinteresado que pueda significar un beneficio para un tercero y que en el fondo tambi\u00e9n supone alg\u00fan nivel de satisfacci\u00f3n para aquel que lo lleva acabo.<\/p><p>Si bien normalmente la idea de solidaridad se relaciona con la noci\u00f3n de grupos sociales humildes o menos privilegiados, hay muchas acciones que uno puede realizar durante el d\u00eda que son solidarias, como por ejemplo ayudar a un anciano a cruzar la calle, participar en alg\u00fan proyecto de voluntariado, etc. Siempre que existe la solidaridad existir\u00e1 alguien necesitado y alguien que pueda cubrir esas necesidades, la dif\u00edcil tarea ser\u00e1 lograr que esas necesidades se vean cumplidas en todo momento y no por un rato o un per\u00edodo de tiempo breve.<\/p><p>La solidaridad es sin dudas importante ya que a partir de ella la sociedad funciona m\u00e1s armoniosamente. Esto es as\u00ed ya que toda aquella persona que act\u00fae solidariamente tiene que tener necesariamente alg\u00fan nivel de conciencia sobre la situaci\u00f3n menos privilegiada que el otro est\u00e1 pasando y elegir conscientemente a partir de all\u00ed ayudarlo realizando diverso tipo de acciones que puedan colaborar para que esa situaci\u00f3n cambie.<\/p><p>\u00a0<\/p><p>The importance of solidarity has to do directly with social development. In this sense, it is important to clarify that we understand solidarity as any selfless act that benefits a third party and represents some level of satisfaction for those who carry it out. Although normally the idea of \u200b\u200bsolidarity is related to the notion of humble or less privileged social groups, there are many actions that one can perform during the day that are acts of solidarity; such as, helping an elderly person to cross the street, participate in a volunteer project, etc. Whenever there is solidarity there will be someone in need and someone who can meet those needs. The difficult task will be to ensure that those needs are met at all times. Solidarity is undoubtedly important because from it society works more harmoniously. It is believed that all those who act in solidarity have some level of awareness about the situation that the less privileged are going through and then, consciously choose from there to help them by carrying out various types of actions that can change the situation.<\/p><p>\u00a0<\/p><p>Hay muchas maneras de ser solidario y si bien algunas personas participan de manera constante y mucho m\u00e1s activamente, uno tambi\u00e9n es solidario cuando realiza una acci\u00f3n particular que puede no tener continuidad en el tiempo (como por ejemplo cuando se colabora en alguna colecta social). Lo importante es tener en cuenta que todos los aportes que uno pueda hacer servir\u00e1n para mejorar la calidad de vida de aquellos que no tienen todo y que entonces, la solidaridad puede f\u00e1cilmente convertirse en un medio para dar soluci\u00f3n o ayuda a quienes m\u00e1s lo necesitan y tambi\u00e9n para que nos sintamos parte de un todo que es la sociedad, una sociedad que debe ser vivible para todos sus miembros y habitantes.<\/p><p>Por todo lo anterior <strong>Nashville School Tegucigalpa<\/strong> ha creado el programa de solidaridad con el cual se pretende crear consciencia en los estudiantes desde Sexto Grado hasta D\u00e9cimo Grado.<\/p><p>Ha sido asignado a cada grado un fundaci\u00f3n por la cual deber\u00e1n recaudar fondos de una manera ordenada, y en el mes de mayo deber\u00e1n hacer entregas a cada una acompa\u00f1ados de una autoridad de la Instituci\u00f3n. Es de suma importancia que durante el mes de octubre, cada grado conozca de cada fundaci\u00f3n, hagan una visita y se presente a las personas o causa por la que trabajaran, esto con el objetivo de sensibilizarlos y crear en ellos la conciencia del porqu\u00e9 del Programa de Solidaridad.<\/p><p>There are many ways to be supportive. Some people participate constantly and are more active, and with others there is no continuity through time (such as when collaborating in a social collection of resources). The important thing to keep in mind is that all the contributions that someone makes will serve to improve the quality of life of those who needed the help. Solidarity can easily become a means to a solution or help to those who need it the most. It makes us feel part of a societal whole- a society that must be liveable for all its members and inhabitants.<\/p><p>\u00a0<\/p><p>For all the above, Nashville School, Tegucigalpa, has created the solidarity program with the purpose of creating an awareness in students from grades sixth through tenth. A foundation has been assigned to each grade by which they must raise funds and\/or other resources in an orderly manner. It is of the utmost importance that during the month of October, each grade knows about their assigned foundation, make a visit and introduce themselves to the authority of the foundation for which they will serve. In May, they deliver to each foundation the funds or resources in accompaniment with an authority of the institution. This is done in order to sensitize the students and make them aware of why their participation is needed in a program of solidarity.<\/p>\t\t\t\t\t\t\t\t<\/div>\n\t\t\t\t<\/div>\n\t\t\t\t\t<\/div>\n\t\t<\/div>\n\t\t\t\t\t<\/div>\n\t\t<\/section>\n\t\t\t\t<section class=\"elementor-section elementor-top-section elementor-element elementor-element-0b7e85c elementor-section-boxed elementor-section-height-default elementor-section-height-default\" data-id=\"0b7e85c\" data-element_type=\"section\">\n\t\t\t\t\t\t<div class=\"elementor-container elementor-column-gap-default\">\n\t\t\t\t\t<div class=\"elementor-column elementor-col-50 elementor-top-column elementor-element elementor-element-6770d74\" data-id=\"6770d74\" data-element_type=\"column\">\n\t\t\t<div class=\"elementor-widget-wrap elementor-element-populated\">\n\t\t\t\t\t\t<div class=\"elementor-element elementor-element-9ce27a2 elementor-widget elementor-widget-image\" data-id=\"9ce27a2\" data-element_type=\"widget\" data-widget_type=\"image.default\">\n\t\t\t\t<div class=\"elementor-widget-container\">\n\t\t\t\t\t\t\t\t\t\t\t\t\t\t\t\t<a href=\"https:\/\/nashvilleschool.edu.hn\/wpnst\/wp-content\/uploads\/2019\/12\/Captura-de-pantalla-2019-12-06-a-las-15.29.38.png\" data-elementor-open-lightbox=\"yes\" data-elementor-lightbox-title=\"Captura de pantalla 2019-12-06 a la(s) 15.29.38\" data-e-action-hash=\"#elementor-action%3Aaction%3Dlightbox%26settings%3DeyJpZCI6MTE2MiwidXJsIjoiaHR0cHM6XC9cL25hc2h2aWxsZXNjaG9vbC5lZHUuaG5cL3dwbnN0XC93cC1jb250ZW50XC91cGxvYWRzXC8yMDE5XC8xMlwvQ2FwdHVyYS1kZS1wYW50YWxsYS0yMDE5LTEyLTA2LWEtbGFzLTE1LjI5LjM4LnBuZyJ9\">\n\t\t\t\t\t\t\t<img decoding=\"async\" width=\"579\" height=\"1024\" src=\"https:\/\/nashvilleschool.edu.hn\/wpnst\/wp-content\/uploads\/2019\/12\/Captura-de-pantalla-2019-12-06-a-las-15.29.38-579x1024.png\" class=\"attachment-large size-large wp-image-1162\" alt=\"\" srcset=\"https:\/\/nashvilleschool.edu.hn\/wpnst\/wp-content\/uploads\/2019\/12\/Captura-de-pantalla-2019-12-06-a-las-15.29.38-579x1024.png 579w, https:\/\/nashvilleschool.edu.hn\/wpnst\/wp-content\/uploads\/2019\/12\/Captura-de-pantalla-2019-12-06-a-las-15.29.38-169x300.png 169w, https:\/\/nashvilleschool.edu.hn\/wpnst\/wp-content\/uploads\/2019\/12\/Captura-de-pantalla-2019-12-06-a-las-15.29.38-768x1359.png 768w, https:\/\/nashvilleschool.edu.hn\/wpnst\/wp-content\/uploads\/2019\/12\/Captura-de-pantalla-2019-12-06-a-las-15.29.38-830x1469.png 830w, https:\/\/nashvilleschool.edu.hn\/wpnst\/wp-content\/uploads\/2019\/12\/Captura-de-pantalla-2019-12-06-a-las-15.29.38-230x407.png 230w, https:\/\/nashvilleschool.edu.hn\/wpnst\/wp-content\/uploads\/2019\/12\/Captura-de-pantalla-2019-12-06-a-las-15.29.38-350x619.png 350w, https:\/\/nashvilleschool.edu.hn\/wpnst\/wp-content\/uploads\/2019\/12\/Captura-de-pantalla-2019-12-06-a-las-15.29.38-480x850.png 480w, https:\/\/nashvilleschool.edu.hn\/wpnst\/wp-content\/uploads\/2019\/12\/Captura-de-pantalla-2019-12-06-a-las-15.29.38.png 878w\" sizes=\"(max-width: 579px) 100vw, 579px\" \/>\t\t\t\t\t\t\t\t<\/a>\n\t\t\t\t\t\t\t\t\t\t\t\t\t\t\t<\/div>\n\t\t\t\t<\/div>\n\t\t\t\t\t<\/div>\n\t\t<\/div>\n\t\t\t\t<div class=\"elementor-column elementor-col-50 elementor-top-column elementor-element elementor-element-0c1886e\" data-id=\"0c1886e\" data-element_type=\"column\">\n\t\t\t<div class=\"elementor-widget-wrap elementor-element-populated\">\n\t\t\t\t\t\t<div class=\"elementor-element elementor-element-b6a3d5c elementor-widget elementor-widget-image\" data-id=\"b6a3d5c\" data-element_type=\"widget\" data-widget_type=\"image.default\">\n\t\t\t\t<div class=\"elementor-widget-container\">\n\t\t\t\t\t\t\t\t\t\t\t\t\t\t\t\t<a href=\"https:\/\/nashvilleschool.edu.hn\/wpnst\/wp-content\/uploads\/2019\/12\/Captura-de-pantalla-2019-12-06-a-las-15.29.49.png\" data-elementor-open-lightbox=\"yes\" data-elementor-lightbox-title=\"Captura de pantalla 2019-12-06 a la(s) 15.29.49\" data-e-action-hash=\"#elementor-action%3Aaction%3Dlightbox%26settings%3DeyJpZCI6MTE2MywidXJsIjoiaHR0cHM6XC9cL25hc2h2aWxsZXNjaG9vbC5lZHUuaG5cL3dwbnN0XC93cC1jb250ZW50XC91cGxvYWRzXC8yMDE5XC8xMlwvQ2FwdHVyYS1kZS1wYW50YWxsYS0yMDE5LTEyLTA2LWEtbGFzLTE1LjI5LjQ5LnBuZyJ9\">\n\t\t\t\t\t\t\t<img decoding=\"async\" width=\"830\" height=\"1024\" src=\"https:\/\/nashvilleschool.edu.hn\/wpnst\/wp-content\/uploads\/2019\/12\/Captura-de-pantalla-2019-12-06-a-las-15.29.49-830x1024.png\" class=\"attachment-large size-large wp-image-1163\" alt=\"\" srcset=\"https:\/\/nashvilleschool.edu.hn\/wpnst\/wp-content\/uploads\/2019\/12\/Captura-de-pantalla-2019-12-06-a-las-15.29.49-830x1024.png 830w, https:\/\/nashvilleschool.edu.hn\/wpnst\/wp-content\/uploads\/2019\/12\/Captura-de-pantalla-2019-12-06-a-las-15.29.49-243x300.png 243w, https:\/\/nashvilleschool.edu.hn\/wpnst\/wp-content\/uploads\/2019\/12\/Captura-de-pantalla-2019-12-06-a-las-15.29.49-768x947.png 768w, https:\/\/nashvilleschool.edu.hn\/wpnst\/wp-content\/uploads\/2019\/12\/Captura-de-pantalla-2019-12-06-a-las-15.29.49-230x284.png 230w, https:\/\/nashvilleschool.edu.hn\/wpnst\/wp-content\/uploads\/2019\/12\/Captura-de-pantalla-2019-12-06-a-las-15.29.49-350x432.png 350w, https:\/\/nashvilleschool.edu.hn\/wpnst\/wp-content\/uploads\/2019\/12\/Captura-de-pantalla-2019-12-06-a-las-15.29.49-480x592.png 480w, https:\/\/nashvilleschool.edu.hn\/wpnst\/wp-content\/uploads\/2019\/12\/Captura-de-pantalla-2019-12-06-a-las-15.29.49.png 874w\" sizes=\"(max-width: 830px) 100vw, 830px\" \/>\t\t\t\t\t\t\t\t<\/a>\n\t\t\t\t\t\t\t\t\t\t\t\t\t\t\t<\/div>\n\t\t\t\t<\/div>\n\t\t\t\t\t<\/div>\n\t\t<\/div>\n\t\t\t\t\t<\/div>\n\t\t<\/section>\n\t\t\t\t<section class=\"elementor-section elementor-top-section elementor-element elementor-element-7ff0469 elementor-section-boxed elementor-section-height-default elementor-section-height-default\" data-id=\"7ff0469\" data-element_type=\"section\">\n\t\t\t\t\t\t<div class=\"elementor-container elementor-column-gap-default\">\n\t\t\t\t\t<div class=\"elementor-column elementor-col-100 elementor-top-column elementor-element elementor-element-8fbc89e\" data-id=\"8fbc89e\" data-element_type=\"column\">\n\t\t\t<div class=\"elementor-widget-wrap elementor-element-populated\">\n\t\t\t\t\t\t<div class=\"elementor-element elementor-element-a6545db elementor-widget-divider--view-line elementor-widget elementor-widget-divider\" data-id=\"a6545db\" data-element_type=\"widget\" data-widget_type=\"divider.default\">\n\t\t\t\t<div class=\"elementor-widget-container\">\n\t\t\t\t\t\t\t<div class=\"elementor-divider\">\n\t\t\t<span class=\"elementor-divider-separator\">\n\t\t\t\t\t\t<\/span>\n\t\t<\/div>\n\t\t\t\t\t\t<\/div>\n\t\t\t\t<\/div>\n\t\t\t\t\t<\/div>\n\t\t<\/div>\n\t\t\t\t\t<\/div>\n\t\t<\/section>\n\t\t\t\t<section class=\"elementor-section elementor-top-section elementor-element elementor-element-eb460f1 elementor-section-boxed elementor-section-height-default elementor-section-height-default\" data-id=\"eb460f1\" data-element_type=\"section\">\n\t\t\t\t\t\t<div class=\"elementor-container elementor-column-gap-default\">\n\t\t\t\t\t<div class=\"elementor-column elementor-col-33 elementor-top-column elementor-element elementor-element-552bcb4\" data-id=\"552bcb4\" data-element_type=\"column\">\n\t\t\t<div class=\"elementor-widget-wrap elementor-element-populated\">\n\t\t\t\t\t\t<div class=\"elementor-element elementor-element-5ab3284 elementor-widget elementor-widget-text-editor\" data-id=\"5ab3284\" data-element_type=\"widget\" data-widget_type=\"text-editor.default\">\n\t\t\t\t<div class=\"elementor-widget-container\">\n\t\t\t\t\t\t\t\t\t<p><strong>Dr. C\u00e9sar Chinchilla Henriquez\u00a0 <br \/><\/strong><\/p><p><strong><strong>Lic. Claudia Soto Claros<\/strong><\/strong><strong><br \/><\/strong><\/p><p><strong>Lic. Ivette Coello Ordo\u00f1ez<\/strong><strong><strong><br \/><\/strong><\/strong><\/p><p><strong><strong>Lic. Glenda Rodr\u00edguez Andrade<\/strong><\/strong><\/p><p><strong><strong><strong>Lic. Tania Izaguirre Rivera<\/strong><\/strong><\/strong><\/p>\t\t\t\t\t\t\t\t<\/div>\n\t\t\t\t<\/div>\n\t\t\t\t\t<\/div>\n\t\t<\/div>\n\t\t\t\t<div class=\"elementor-column elementor-col-33 elementor-top-column elementor-element elementor-element-66394e1\" data-id=\"66394e1\" data-element_type=\"column\">\n\t\t\t<div class=\"elementor-widget-wrap elementor-element-populated\">\n\t\t\t\t\t\t<div class=\"elementor-element elementor-element-03e1f5f elementor-widget elementor-widget-text-editor\" data-id=\"03e1f5f\" data-element_type=\"widget\" data-widget_type=\"text-editor.default\">\n\t\t\t\t<div class=\"elementor-widget-container\">\n\t\t\t\t\t\t\t\t\t<p><strong><a href=\"mailto:cesar.chinchilla@nashvilleschool.edu.hn\">cesar.chinchilla@nashvilleschool.edu.hn<\/a><br \/><\/strong><\/p><p><strong><a href=\"mailto:claudia.soto@nashvilleschool.edu.hn\">claudia.soto@nashvilleschool.edu.hn<\/a><br \/><\/strong><\/p><p><strong><a href=\"mailto:ivette.coello@nashvilleschool.edu.hn\">ivette.coello@nashvilleschool.edu.hn<\/a><br \/><\/strong><\/p><p><strong><a href=\"mailto:glenda.rodriguez@nashvilleschool.edu.hn\">glenda.rodriguez@nashvilleschool.edu.hn<\/a><br \/><\/strong><\/p><p><strong><a href=\"mailto:tania.izaguirre@nashvilleschool.edu.hn\">tania.izaguirre@nashvilleschool.edu.hn<\/a>\u00a0 <\/strong><\/p>\t\t\t\t\t\t\t\t<\/div>\n\t\t\t\t<\/div>\n\t\t\t\t\t<\/div>\n\t\t<\/div>\n\t\t\t\t<div class=\"elementor-column elementor-col-33 elementor-top-column elementor-element elementor-element-371ffa3\" data-id=\"371ffa3\" data-element_type=\"column\">\n\t\t\t<div class=\"elementor-widget-wrap elementor-element-populated\">\n\t\t\t\t\t\t<div class=\"elementor-element elementor-element-846936d elementor-widget elementor-widget-text-editor\" data-id=\"846936d\" data-element_type=\"widget\" data-widget_type=\"text-editor.default\">\n\t\t\t\t<div class=\"elementor-widget-container\">\n\t\t\t\t\t\t\t\t\t<p style=\"text-align: center;\">Director Ejecutivo\u00a0\u00a0<\/p><p style=\"text-align: center;\">Consejera I<\/p><p style=\"text-align: center;\">Consejera II<\/p><p style=\"text-align: center;\">Orientadora<\/p><p style=\"text-align: center;\">Psic\u00f3loga<\/p><p>\u00a0<\/p>\t\t\t\t\t\t\t\t<\/div>\n\t\t\t\t<\/div>\n\t\t\t\t\t<\/div>\n\t\t<\/div>\n\t\t\t\t\t<\/div>\n\t\t<\/section>\n\t\t\t\t<\/div>\n\t\t","protected":false},"excerpt":{"rendered":"<p>Programa de Solidaridad Solidarity Program \u00abPredators for Honduras\u00bb Podemos definir a la solidaridad como el acto mediante el cual una persona realiza [&hellip;]<\/p>\n","protected":false},"author":1,"featured_media":0,"parent":261,"menu_order":0,"comment_status":"closed","ping_status":"closed","template":"","meta":{"footnotes":""},"class_list":["post-1129","page","type-page","status-publish","hentry"],"_links":{"self":[{"href":"https:\/\/nashvilleschool.edu.hn\/wpnst\/wp-json\/wp\/v2\/pages\/1129","targetHints":{"allow":["GET"]}}],"collection":[{"href":"https:\/\/nashvilleschool.edu.hn\/wpnst\/wp-json\/wp\/v2\/pages"}],"about":[{"href":"https:\/\/nashvilleschool.edu.hn\/wpnst\/wp-json\/wp\/v2\/types\/page"}],"author":[{"embeddable":true,"href":"https:\/\/nashvilleschool.edu.hn\/wpnst\/wp-json\/wp\/v2\/users\/1"}],"replies":[{"embeddable":true,"href":"https:\/\/nashvilleschool.edu.hn\/wpnst\/wp-json\/wp\/v2\/comments?post=1129"}],"version-history":[{"count":5,"href":"https:\/\/nashvilleschool.edu.hn\/wpnst\/wp-json\/wp\/v2\/pages\/1129\/revisions"}],"predecessor-version":[{"id":1166,"href":"https:\/\/nashvilleschool.edu.hn\/wpnst\/wp-json\/wp\/v2\/pages\/1129\/revisions\/1166"}],"up":[{"embeddable":true,"href":"https:\/\/nashvilleschool.edu.hn\/wpnst\/wp-json\/wp\/v2\/pages\/261"}],"wp:attachment":[{"href":"https:\/\/nashvilleschool.edu.hn\/wpnst\/wp-json\/wp\/v2\/media?parent=1129"}],"curies":[{"name":"wp","href":"https:\/\/api.w.org\/{rel}","templated":true}]}}