{"id":100,"date":"2018-07-12T18:27:47","date_gmt":"2018-07-12T18:27:47","guid":{"rendered":"http:\/\/localhost\/wordpress\/?page_id=100"},"modified":"2025-07-23T04:07:34","modified_gmt":"2025-07-23T04:07:34","slug":"mision-y-vision","status":"publish","type":"page","link":"https:\/\/nashvilleschool.edu.hn\/wpnst\/mision-y-vision\/","title":{"rendered":"Misi\u00f3n y Visi\u00f3n"},"content":{"rendered":"\t\t<div data-elementor-type=\"wp-page\" data-elementor-id=\"100\" class=\"elementor elementor-100\">\n\t\t\t\t\t\t<section class=\"elementor-section elementor-top-section elementor-element elementor-element-d68355f elementor-section-boxed elementor-section-height-default elementor-section-height-default\" data-id=\"d68355f\" data-element_type=\"section\">\n\t\t\t\t\t\t<div class=\"elementor-container elementor-column-gap-default\">\n\t\t\t\t\t<div class=\"elementor-column elementor-col-100 elementor-top-column elementor-element elementor-element-4f0055d\" data-id=\"4f0055d\" data-element_type=\"column\">\n\t\t\t<div class=\"elementor-widget-wrap elementor-element-populated\">\n\t\t\t\t\t\t<div class=\"elementor-element elementor-element-741dafc elementor-tabs-view-horizontal elementor-widget elementor-widget-tabs\" data-id=\"741dafc\" data-element_type=\"widget\" data-widget_type=\"tabs.default\">\n\t\t\t\t<div class=\"elementor-widget-container\">\n\t\t\t\t\t\t\t<div class=\"elementor-tabs\">\n\t\t\t<div class=\"elementor-tabs-wrapper\" role=\"tablist\" >\n\t\t\t\t\t\t\t\t\t<div id=\"elementor-tab-title-1211\" class=\"elementor-tab-title elementor-tab-desktop-title\" aria-selected=\"true\" data-tab=\"1\" role=\"tab\" tabindex=\"0\" aria-controls=\"elementor-tab-content-1211\" aria-expanded=\"false\">Espa\u00f1ol<\/div>\n\t\t\t\t\t\t\t\t\t<div id=\"elementor-tab-title-1212\" class=\"elementor-tab-title elementor-tab-desktop-title\" aria-selected=\"false\" data-tab=\"2\" role=\"tab\" tabindex=\"-1\" aria-controls=\"elementor-tab-content-1212\" aria-expanded=\"false\">Ingl\u00e9s<\/div>\n\t\t\t\t\t\t\t\t\t<div id=\"elementor-tab-title-1213\" class=\"elementor-tab-title elementor-tab-desktop-title\" aria-selected=\"false\" data-tab=\"3\" role=\"tab\" tabindex=\"-1\" aria-controls=\"elementor-tab-content-1213\" aria-expanded=\"false\">Frances<\/div>\n\t\t\t\t\t\t\t<\/div>\n\t\t\t<div class=\"elementor-tabs-content-wrapper\" role=\"tablist\" aria-orientation=\"vertical\">\n\t\t\t\t\t\t\t\t\t<div class=\"elementor-tab-title elementor-tab-mobile-title\" aria-selected=\"true\" data-tab=\"1\" role=\"tab\" tabindex=\"0\" aria-controls=\"elementor-tab-content-1211\" aria-expanded=\"false\">Espa\u00f1ol<\/div>\n\t\t\t\t\t<div id=\"elementor-tab-content-1211\" class=\"elementor-tab-content elementor-clearfix\" data-tab=\"1\" role=\"tabpanel\" aria-labelledby=\"elementor-tab-title-1211\" tabindex=\"0\" hidden=\"false\"><p><img decoding=\"async\" src=\"https:\/\/nashvilleschool.edu.hn\/wpnst\/wp-content\/uploads\/2018\/09\/Spain.png\" alt=\"\" width=\"48\" height=\"48\" \/><\/p><p><strong>Misi\u00f3n <\/strong><\/p><p>Somos una Instituci\u00f3n Educativa Triling\u00fce que educa j\u00f3venes hondure\u00f1os por medio de una educaci\u00f3n integral brindar a nuestra sociedad j\u00f3venes que sean pilares desarrollo, democracia e identidad nacional.<\/p><p><strong>Visi\u00f3n <\/strong><\/p><p>Ser reconocidos como una instituci\u00f3n l\u00edder en Honduras por brindar una educaci\u00f3n triling\u00fce innovadora y de alta calidad, que inspire a nuestros estudiantes a alcanzar su m\u00e1ximo potencial acad\u00e9mico, personal y social, contribuyendo positivamente al desarrollo sostenible de su entorno y la construcci\u00f3n de un mundo m\u00e1s inclusivo y colaborativo.<\/p><p><strong>Valores <\/strong><\/p><ol><li>Respeto: Valoramos la diversidad cultural y ling\u00fc\u00edstica, promoviendo un ambiente de inclusi\u00f3n y empat\u00eda.<\/li><li>Excelencia Acad\u00e9mica: Nos esforzamos por brindar una educaci\u00f3n de alta calidad y fomentar el aprendizaje continuo.<\/li><li>Responsabilidad: Formamos ciudadanos conscientes de su impacto en la sociedad y el medio ambiente.<\/li><li>Integridad: Actuamos con honestidad y \u00e9tica en todas nuestras acciones.<\/li><li>Colaboraci\u00f3n: Promovemos el trabajo en equipo y la cooperaci\u00f3n entre estudiantes, familias y comunidad educativa.<\/li><li>Innovaci\u00f3n: Incorporamos herramientas y metodolog\u00edas modernas para un aprendizaje significativo y din\u00e1mico.<\/li><\/ol><p><strong>Filosof\u00eda<\/strong><br \/>Nashville School cree firmemente que todo ni\u00f1o merece la oportunidad de recibir una educaci\u00f3n de calidad que lo prepare de manera integral: en valores, intelectualmente, f\u00edsicamente, socialmente y emocionalmente. Ofrecemos una educaci\u00f3n triling\u00fce de calidad que se ajusta al potencial de cada estudiante, desafi\u00e1ndolos a sobresalir. Nos esforzamos por ayudar a cada alumno a alcanzar sus metas educativas para que puedan desenvolverse en una sociedad en constante cambio.<\/p><p>Nashville brinda oportunidades a familias de medios y bajos ingresos con estudiantes que, de otro modo, no podr\u00edan acceder a una educaci\u00f3n triling\u00fce. La escuela proporciona un entorno seguro, que apoya la toma de riesgos y que es acogedor para las ideas y la creatividad. Practicamos y ense\u00f1amos la importancia de la ciudadan\u00eda, as\u00ed como el respeto y conservaci\u00f3n de las costumbres, tradiciones y cultura hondure\u00f1as.<\/p><p>Apoyamos firmemente y ense\u00f1amos que el aprendizaje es un proceso continuo y necesario para toda la vida. Creemos en las capacidades ilimitadas de nuestros estudiantes para llevar a Honduras hacia un futuro exitoso.<\/p><p><strong>\u00a0<\/strong><\/p><p><strong>Objetivos de la Filosof\u00eda<\/strong><\/p><ul><li><br \/><strong>Desarrollar<\/strong> un curr\u00edculo que abarque todas las asignaturas, incluyendo temas de la vida cotidiana como: salud, redes sociales, impacto de la actividad f\u00edsica, bienestar psicol\u00f3gico y el aprendizaje como un proceso permanente.<\/li><li><strong>Transformar<\/strong> nuestro curr\u00edculo para responder a las necesidades educativas especiales de los estudiantes y ofrecer clases avanzadas en ingl\u00e9s y matem\u00e1ticas.<\/li><li><strong>Organizar<\/strong> este a\u00f1o un comit\u00e9 vocacional que brinde informaci\u00f3n y apoyo a los estudiantes que se preparan para una carrera universitaria o para ingresar al mundo laboral.<\/li><li><strong>Proporcionar<\/strong> una educaci\u00f3n de la m\u00e1s alta calidad al menor costo posible para la comunidad.<\/li><li><strong>Evaluar<\/strong> regularmente los elementos de seguridad que hacen de nuestra escuela un excelente lugar para jugar y aprender.<\/li><li><strong>Promover<\/strong> la ciudadan\u00eda a trav\u00e9s de un sistema de valores, identidad nacional, cultura y tradiciones.<\/li><li><strong>Ofrecer<\/strong> un ambiente de aprendizaje que permita a los estudiantes ser creativos, asumir riesgos dentro de l\u00edmites saludables y tener libertad de expresi\u00f3n e ideas.<\/li><li><strong>Revaluar<\/strong> anualmente nuestro prop\u00f3sito educativo y planificar modificaciones y mejoras al proceso que sostiene el crecimiento y existencia de nuestra escuela.<\/li><li><strong>Contribuir<\/strong> al desarrollo de nuestros estudiantes aplicando metodolog\u00edas que fomenten sus habilidades, destrezas y valores.<\/li><li><strong>Proporcionar<\/strong> un entorno educativo triling\u00fce que eleve los est\u00e1ndares de calidad y despierte en nuestros estudiantes una sed de conocimiento y un anhelo de excelencia.<\/li><li><strong>Instruir <\/strong>a nuestros estudiantes sobre la importancia de una formaci\u00f3n profesional en el desarrollo de sus vidas.<\/li><\/ul><\/div>\n\t\t\t\t\t\t\t\t\t<div class=\"elementor-tab-title elementor-tab-mobile-title\" aria-selected=\"false\" data-tab=\"2\" role=\"tab\" tabindex=\"-1\" aria-controls=\"elementor-tab-content-1212\" aria-expanded=\"false\">Ingl\u00e9s<\/div>\n\t\t\t\t\t<div id=\"elementor-tab-content-1212\" class=\"elementor-tab-content elementor-clearfix\" data-tab=\"2\" role=\"tabpanel\" aria-labelledby=\"elementor-tab-title-1212\" tabindex=\"0\" hidden=\"hidden\"><p><img decoding=\"async\" src=\"https:\/\/nashvilleschool.edu.hn\/wpnst\/wp-content\/uploads\/2018\/09\/United-Kingdom.png\" alt=\"\" width=\"48\" height=\"48\" \/><\/p><p><strong>Mission<\/strong><br \/>We are a Trilingual Educational Institution that educates Honduran youth through a comprehensive education, aiming to provide society with young individuals who become pillars of development, democracy, and national identity.<\/p><p><strong>Vision<\/strong><br \/>To be recognized as a leading institution in Honduras for offering innovative and high-quality trilingual education that inspires our students to reach their full academic, personal, and social potential, contributing positively to the sustainable development of their environment and the building of a more inclusive and collaborative world.<\/p><p><strong>Values<\/strong><\/p><ol><li><strong>Respect<\/strong>: We value cultural and linguistic diversity, fostering an environment of inclusion and empathy.<\/li><li><strong>Academic Excellence<\/strong>: We strive to provide high-quality education and promote lifelong learning.<\/li><li><strong>Responsibility<\/strong>: We shape citizens who are aware of their impact on society and the environment.<\/li><li><strong>Integrity<\/strong>: We act with honesty and ethics in all our actions.<\/li><li><strong>Collaboration<\/strong>: We promote teamwork and cooperation among students, families, and the educational community.<\/li><li><strong>Innovation<\/strong>: We incorporate modern tools and methodologies to foster meaningful and dynamic learning.<\/li><\/ol><p><strong>Philosophy<\/strong><br \/>Nashville School firmly believes that every child deserves the opportunity to receive a quality education that prepares them in a holistic way\u2014through values, intellectual, physical, social, and emotional development. We offer high-quality trilingual education that aligns with each student\u2019s potential, while challenging them to excel. We strive to help every student achieve their educational goals so they can thrive in an ever-changing society.<\/p><p>Nashville provides opportunities for middle- and low-income families whose children might not otherwise have access to trilingual education. The school offers a safe environment that encourages risk-taking and welcomes ideas and creativity. We practice and teach the importance of citizenship, as well as respect for and preservation of Honduran customs, traditions, and culture.<\/p><p>We strongly support and teach that learning is a continuous and necessary process throughout life. We believe in the limitless potential of our students to lead Honduras into a successful future.<\/p><p>\u00a0<\/p><p><strong>Philosophy Objectives<\/strong><\/p><ul><li><br \/><strong>Develop<\/strong> a curriculum that encompasses all subjects, including real-life topics such as health, social media, the impact of physical activity, psychological well-being, and lifelong learning.<\/li><li><strong>Transform<\/strong> our curriculum to meet the special educational needs of students and offer advanced classes in English and mathematics.<\/li><li><strong>Establish<\/strong> a vocational committee this year to provide information and support to students preparing for university or entering the workforce.<\/li><li><strong>Provide<\/strong> the highest quality education at the lowest possible cost to the community.<\/li><li><strong>Regularly<\/strong> assess the safety and security aspects that make our school a great place to learn and play.<\/li><li><strong>Promote<\/strong> citizenship through a system of values, national identity, culture, and traditions.<\/li><li><strong>Provide<\/strong> a learning environment that allows students to be creative, take healthy risks, and express their thoughts and ideas freely.<\/li><li><strong>Reassess<\/strong> our educational mission annually and plan improvements to enhance the processes that support our school\u2019s growth and sustainability.<\/li><li><strong>Contribute<\/strong> to the development of our students by applying methodologies that strengthen their abilities, skills, and values.<\/li><li><strong>Provide<\/strong> a trilingual educational environment that raises standards of quality, ignites a thirst for knowledge, and fosters a desire for excellence in our students.<\/li><li><strong>Teach<\/strong> our students the importance of professional education in shaping their lives.<\/li><\/ul><\/div>\n\t\t\t\t\t\t\t\t\t<div class=\"elementor-tab-title elementor-tab-mobile-title\" aria-selected=\"false\" data-tab=\"3\" role=\"tab\" tabindex=\"-1\" aria-controls=\"elementor-tab-content-1213\" aria-expanded=\"false\">Frances<\/div>\n\t\t\t\t\t<div id=\"elementor-tab-content-1213\" class=\"elementor-tab-content elementor-clearfix\" data-tab=\"3\" role=\"tabpanel\" aria-labelledby=\"elementor-tab-title-1213\" tabindex=\"0\" hidden=\"hidden\"><p><img decoding=\"async\" src=\"https:\/\/nashvilleschool.edu.hn\/wpnst\/wp-content\/uploads\/2018\/09\/France.png\" alt=\"\" width=\"48\" height=\"48\" \/><\/p><p><strong>Mission<\/strong><br \/>Nous sommes une Institution \u00c9ducative Trilingue qui forme les jeunes honduriens \u00e0 travers une \u00e9ducation int\u00e9grale, afin d\u2019offrir \u00e0 notre soci\u00e9t\u00e9 des jeunes qui soient des piliers du d\u00e9veloppement, de la d\u00e9mocratie et de l\u2019identit\u00e9 nationale.<\/p><p><strong>Vision<\/strong><br \/>\u00catre reconnus comme une institution de r\u00e9f\u00e9rence au Honduras pour offrir une \u00e9ducation trilingue innovante et de haute qualit\u00e9, qui inspire nos \u00e9tudiants \u00e0 atteindre leur plein potentiel acad\u00e9mique, personnel et social, contribuant positivement au d\u00e9veloppement durable de leur environnement et \u00e0 la construction d\u2019un monde plus inclusif et collaboratif.<\/p><p><strong>Valeurs<\/strong><\/p><p><strong>Respect<\/strong>: Nous valorisons la diversit\u00e9 culturelle et linguistique, en promouvant un environnement d\u2019inclusion et d\u2019empathie.<\/p><p><strong>Excellence Acad\u00e9mique<\/strong>: Nous nous effor\u00e7ons d\u2019offrir une \u00e9ducation de haute qualit\u00e9 et d\u2019encourager l\u2019apprentissage continu.<\/p><p><strong>Responsabilit\u00e9<\/strong>: Nous formons des citoyens conscients de leur impact sur la soci\u00e9t\u00e9 et l\u2019environnement.<\/p><p><strong>Int\u00e9grit\u00e9<\/strong>: Nous agissons avec honn\u00eatet\u00e9 et \u00e9thique dans toutes nos actions.<\/p><p><strong>Collaboration<\/strong>: Nous favorisons le travail d\u2019\u00e9quipe et la coop\u00e9ration entre les \u00e9l\u00e8ves, les familles et la communaut\u00e9 \u00e9ducative.<\/p><p><strong>Innovation<\/strong>: Nous int\u00e9grons des outils et des m\u00e9thodologies modernes pour un apprentissage significatif et dynamique.<\/p><p><strong>Philosophie<\/strong><br \/>Nashville School croit fermement que chaque enfant m\u00e9rite la possibilit\u00e9 de recevoir une \u00e9ducation de qualit\u00e9 qui le pr\u00e9pare de mani\u00e8re int\u00e9grale: sur le plan des valeurs, intellectuel, physique, social et \u00e9motionnel. Nous offrons une \u00e9ducation trilingue de haute qualit\u00e9, adapt\u00e9e au potentiel de chaque \u00e9l\u00e8ve, tout en les d\u00e9fiant \u00e0 exceller. Nous nous effor\u00e7ons d\u2019aider chaque \u00e9l\u00e8ve \u00e0 atteindre ses objectifs \u00e9ducatifs afin qu\u2019il puisse s\u2019\u00e9panouir dans une soci\u00e9t\u00e9 en constante \u00e9volution.<\/p><p>Nashville offre des opportunit\u00e9s aux familles \u00e0 revenus moyens et modestes dont les enfants ne pourraient autrement acc\u00e9der \u00e0 une \u00e9ducation trilingue. L\u2019\u00e9cole fournit un environnement s\u00e9curis\u00e9, qui encourage la prise de risques et accueille favorablement les id\u00e9es et la cr\u00e9ativit\u00e9. Nous pratiquons et enseignons l\u2019importance de la citoyennet\u00e9, ainsi que le respect et la pr\u00e9servation des coutumes, traditions et de la culture hondurienne.<\/p><p>Nous soutenons fermement et enseignons que l\u2019apprentissage est un processus continu et essentiel tout au long de la vie. Nous croyons au potentiel illimit\u00e9 de nos \u00e9l\u00e8ves pour mener le Honduras vers un avenir prosp\u00e8re.<\/p><p>\u00a0<\/p><p><strong>Objectifs de la Philosophie<\/strong><\/p><ul><li><br \/><strong>D\u00e9velopper<\/strong> un programme scolaire couvrant toutes les mati\u00e8res, incluant des th\u00e9matiques de la vie quotidienne telles que : la sant\u00e9, les r\u00e9seaux sociaux, l\u2019impact de l\u2019activit\u00e9 physique, le bien-\u00eatre psychologique et l\u2019apprentissage comme processus permanent.<\/li><li><strong>Transformer<\/strong> notre programme pour r\u00e9pondre aux besoins \u00e9ducatifs sp\u00e9ciaux des \u00e9l\u00e8ves et offrir des cours avanc\u00e9s en anglais et en math\u00e9matiques.<\/li><li><strong>Mettre <\/strong>en place cette ann\u00e9e un comit\u00e9 d\u2019orientation qui fournira des informations et un soutien aux \u00e9l\u00e8ves se pr\u00e9parant \u00e0 poursuivre des \u00e9tudes universitaires ou \u00e0 entrer dans la vie active.<\/li><li><strong>Offrir<\/strong> une \u00e9ducation de la plus haute qualit\u00e9 \u00e0 un co\u00fbt minimal pour la communaut\u00e9.<\/li><li><strong>\u00c9valuer<\/strong> r\u00e9guli\u00e8rement les \u00e9l\u00e9ments de s\u00e9curit\u00e9 qui font de notre \u00e9cole un lieu id\u00e9al pour apprendre et jouer.<\/li><li><strong>Promouvoir<\/strong> la citoyennet\u00e9 \u00e0 travers un syst\u00e8me de valeurs, l\u2019identit\u00e9 nationale, la culture et les traditions.<\/li><li><strong>Offrir <\/strong>un environnement d\u2019apprentissage permettant aux \u00e9l\u00e8ves d\u2019\u00eatre cr\u00e9atifs, de prendre des risques dans des limites saines et d\u2019exprimer librement leurs id\u00e9es.<\/li><li><strong>R\u00e9\u00e9valuer<\/strong> chaque ann\u00e9e notre mission \u00e9ducative et planifier des modifications et am\u00e9liorations pour renforcer le processus qui soutient l\u2019existence et le d\u00e9veloppement de notre \u00e9cole.<\/li><li><strong>Contribuer<\/strong> au d\u00e9veloppement de nos \u00e9l\u00e8ves en appliquant des m\u00e9thodologies qui favorisent leurs comp\u00e9tences, habilet\u00e9s et valeurs.<\/li><li><strong>Fournir<\/strong> un environnement \u00e9ducatif trilingue qui \u00e9l\u00e8ve les standards de qualit\u00e9 et \u00e9veille chez nos \u00e9l\u00e8ves une soif de connaissance et un d\u00e9sir d\u2019excellence.<\/li><li><strong>Enseigner<\/strong> \u00e0 nos \u00e9l\u00e8ves l\u2019importance d\u2019une formation professionnelle dans le d\u00e9veloppement de leur vie.<\/li><\/ul><\/div>\n\t\t\t\t\t\t\t<\/div>\n\t\t<\/div>\n\t\t\t\t\t\t<\/div>\n\t\t\t\t<\/div>\n\t\t\t\t\t<\/div>\n\t\t<\/div>\n\t\t\t\t\t<\/div>\n\t\t<\/section>\n\t\t\t\t<\/div>\n\t\t","protected":false},"excerpt":{"rendered":"<p>Espa\u00f1ol Ingl\u00e9s Frances Espa\u00f1ol Misi\u00f3n Somos una Instituci\u00f3n Educativa Triling\u00fce que educa j\u00f3venes hondure\u00f1os por medio de una educaci\u00f3n integral brindar a [&hellip;]<\/p>\n","protected":false},"author":1,"featured_media":0,"parent":0,"menu_order":0,"comment_status":"closed","ping_status":"closed","template":"","meta":{"footnotes":""},"class_list":["post-100","page","type-page","status-publish","hentry"],"_links":{"self":[{"href":"https:\/\/nashvilleschool.edu.hn\/wpnst\/wp-json\/wp\/v2\/pages\/100","targetHints":{"allow":["GET"]}}],"collection":[{"href":"https:\/\/nashvilleschool.edu.hn\/wpnst\/wp-json\/wp\/v2\/pages"}],"about":[{"href":"https:\/\/nashvilleschool.edu.hn\/wpnst\/wp-json\/wp\/v2\/types\/page"}],"author":[{"embeddable":true,"href":"https:\/\/nashvilleschool.edu.hn\/wpnst\/wp-json\/wp\/v2\/users\/1"}],"replies":[{"embeddable":true,"href":"https:\/\/nashvilleschool.edu.hn\/wpnst\/wp-json\/wp\/v2\/comments?post=100"}],"version-history":[{"count":8,"href":"https:\/\/nashvilleschool.edu.hn\/wpnst\/wp-json\/wp\/v2\/pages\/100\/revisions"}],"predecessor-version":[{"id":3460,"href":"https:\/\/nashvilleschool.edu.hn\/wpnst\/wp-json\/wp\/v2\/pages\/100\/revisions\/3460"}],"wp:attachment":[{"href":"https:\/\/nashvilleschool.edu.hn\/wpnst\/wp-json\/wp\/v2\/media?parent=100"}],"curies":[{"name":"wp","href":"https:\/\/api.w.org\/{rel}","templated":true}]}}