{"id":1119,"date":"2022-07-25T15:35:46","date_gmt":"2022-07-25T15:35:46","guid":{"rendered":"https:\/\/nashvilleschool.edu.hn\/nsv\/web\/?page_id=1119"},"modified":"2023-04-27T15:20:35","modified_gmt":"2023-04-27T15:20:35","slug":"departamento-de-orientacionconsejeria-y-psicologia","status":"publish","type":"page","link":"https:\/\/nashvilleschool.edu.hn\/nsv\/web\/departamento-de-orientacionconsejeria-y-psicologia\/","title":{"rendered":"Departamento de Orientaci\u00f3n,Consejer\u00eda y Psicolog\u00eda"},"content":{"rendered":"\n\n\n<div class=\"wp-block-columns alignwide is-layout-flex wp-container-core-columns-is-layout-9d6595d7 wp-block-columns-is-layout-flex\">\n<div class=\"wp-block-column has-text-color has-background has-link-color wp-elements-0035d17ac745337fa28cc63865089dad is-layout-flow wp-block-column-is-layout-flow\" style=\"color:#000000;background-color:#ffe97d;padding-top:2em;padding-right:2em;padding-bottom:2em;padding-left:2em\">\n<h2 class=\"wp-block-heading\" id=\"single\" style=\"font-size:30px\">Orientaci\u00f3n<\/h2>\n\n\n\n<p class=\"has-normal-font-size\" style=\"line-height:1.5\"><strong>Enriquece nuestra creciente comunidad.<\/strong> <\/p>\n\n\n\n<hr class=\"wp-block-separator has-text-color has-css-opacity has-background is-style-wide\" style=\"background-color:#000000;color:#000000\"\/>\n\n\n\n<ul class=\"has-normal-font-size wp-block-list\">\n<li>Entrada general y descuentos de miembro para un adulto<\/li>\n\n\n\n<li>Una entrada gratuita por exposici\u00f3n especial<\/li>\n\n\n\n<li>Dos pases de un solo uso para invitados por a\u00f1o<\/li>\n<\/ul>\n\n\n\n<div class=\"wp-block-buttons alignfull is-horizontal is-content-justification-center is-layout-flex wp-container-core-buttons-is-layout-499968f5 wp-block-buttons-is-layout-flex\"><\/div>\n\n\n\n<figure class=\"wp-block-image size-full\"><img loading=\"lazy\" decoding=\"async\" width=\"262\" height=\"192\" src=\"https:\/\/nashvilleschool.edu.hn\/nsv\/web\/wp-content\/uploads\/2022\/07\/descarga-4-3.jpg\" alt=\"\" class=\"wp-image-1195\" srcset=\"https:\/\/nashvilleschool.edu.hn\/nsv\/web\/wp-content\/uploads\/2022\/07\/descarga-4-3.jpg 262w, https:\/\/nashvilleschool.edu.hn\/nsv\/web\/wp-content\/uploads\/2022\/07\/descarga-4-3-82x60.jpg 82w\" sizes=\"auto, (max-width: 262px) 100vw, 262px\" \/><\/figure>\n<\/div>\n\n\n\n<div class=\"wp-block-column has-text-color has-background has-link-color wp-elements-e01a16d71960be2ba8a7ce01072c7abf is-layout-flow wp-block-column-is-layout-flow\" style=\"color:#000000;background-color:#d1d1e1;padding-top:2em;padding-right:2em;padding-bottom:2em;padding-left:2em\">\n<h2 class=\"wp-block-heading\" id=\"family\" style=\"font-size:30px\">Consejer\u00eda<\/h2>\n\n\n\n<p class=\"has-normal-font-size\" style=\"line-height:1.5\"><strong>Apoya las exposiciones especiales.<\/strong><\/p>\n\n\n\n<hr class=\"wp-block-separator has-css-opacity is-style-wide\"\/>\n\n\n\n<ul class=\"has-normal-font-size wp-block-list\">\n<li>Entrada general y descuentos de miembro para dos adultos<\/li>\n\n\n\n<li>Cuatro entradas gratuitas por exposici\u00f3n especial<\/li>\n\n\n\n<li>Cuatro pases de un solo uso para invitados por a\u00f1o<\/li>\n<\/ul>\n\n\n\n<div class=\"wp-block-buttons alignfull is-horizontal is-content-justification-center is-layout-flex wp-container-core-buttons-is-layout-499968f5 wp-block-buttons-is-layout-flex\"><\/div>\n\n\n<div class=\"wp-block-image\">\n<figure class=\"aligncenter size-full is-resized\"><img loading=\"lazy\" decoding=\"async\" src=\"https:\/\/nashvilleschool.edu.hn\/nsv\/web\/wp-content\/uploads\/2022\/07\/conse-1-edited.png\" alt=\"\" class=\"wp-image-1199\" width=\"206\" height=\"138\" srcset=\"https:\/\/nashvilleschool.edu.hn\/nsv\/web\/wp-content\/uploads\/2022\/07\/conse-1-edited.png 859w, https:\/\/nashvilleschool.edu.hn\/nsv\/web\/wp-content\/uploads\/2022\/07\/conse-1-edited-300x203.png 300w, https:\/\/nashvilleschool.edu.hn\/nsv\/web\/wp-content\/uploads\/2022\/07\/conse-1-edited-768x519.png 768w, https:\/\/nashvilleschool.edu.hn\/nsv\/web\/wp-content\/uploads\/2022\/07\/conse-1-edited-89x60.png 89w\" sizes=\"auto, (max-width: 206px) 100vw, 206px\" \/><\/figure>\n<\/div><\/div>\n\n\n\n<div class=\"wp-block-column has-text-color has-background has-link-color wp-elements-436bbced580181d308cacf69178fddfe is-layout-flow wp-block-column-is-layout-flow\" style=\"color:#000000;background-color:#c0ebf1;padding-top:2em;padding-right:2em;padding-bottom:2em;padding-left:2em\">\n<h2 class=\"wp-block-heading\" id=\"patron\" style=\"font-size:30px\"><strong>P<\/strong>sicolog\u00eda<\/h2>\n\n\n\n<p class=\"has-normal-font-size\"><strong>Lleva el apoyo al siguiente nivel.<\/strong><\/p>\n\n\n\n<hr class=\"wp-block-separator has-css-opacity is-style-wide\"\/>\n\n\n\n<ul class=\"has-normal-font-size wp-block-list\">\n<li>Entrada general y descuentos de miembro para dos adultos<\/li>\n\n\n\n<li>Cinco entradas gratuitas por exposici\u00f3n especial<\/li>\n\n\n\n<li>Seis pases de un solo uso para invitados por a\u00f1o<\/li>\n<\/ul>\n\n\n\n<div class=\"wp-block-buttons alignfull is-horizontal is-content-justification-center is-layout-flex wp-container-core-buttons-is-layout-499968f5 wp-block-buttons-is-layout-flex\"><\/div>\n\n\n\n<figure class=\"wp-block-image size-full\"><img loading=\"lazy\" decoding=\"async\" width=\"224\" height=\"225\" src=\"https:\/\/nashvilleschool.edu.hn\/nsv\/web\/wp-content\/uploads\/2022\/07\/psc-1.png\" alt=\"\" class=\"wp-image-1193\" srcset=\"https:\/\/nashvilleschool.edu.hn\/nsv\/web\/wp-content\/uploads\/2022\/07\/psc-1.png 224w, https:\/\/nashvilleschool.edu.hn\/nsv\/web\/wp-content\/uploads\/2022\/07\/psc-1-150x150.png 150w, https:\/\/nashvilleschool.edu.hn\/nsv\/web\/wp-content\/uploads\/2022\/07\/psc-1-60x60.png 60w\" sizes=\"auto, (max-width: 224px) 100vw, 224px\" \/><\/figure>\n<\/div>\n<\/div>\n","protected":false},"excerpt":{"rendered":"<p>Orientaci\u00f3n Enriquece nuestra creciente comunidad. Consejer\u00eda Apoya las exposiciones especiales. Psicolog\u00eda Lleva el apoyo al siguiente nivel.<\/p>\n","protected":false},"author":1,"featured_media":0,"parent":0,"menu_order":0,"comment_status":"closed","ping_status":"closed","template":"","meta":{"pagelayer_contact_templates":[],"_pagelayer_content":"","footnotes":""},"class_list":["post-1119","page","type-page","status-publish","hentry"],"_links":{"self":[{"href":"https:\/\/nashvilleschool.edu.hn\/nsv\/web\/wp-json\/wp\/v2\/pages\/1119","targetHints":{"allow":["GET"]}}],"collection":[{"href":"https:\/\/nashvilleschool.edu.hn\/nsv\/web\/wp-json\/wp\/v2\/pages"}],"about":[{"href":"https:\/\/nashvilleschool.edu.hn\/nsv\/web\/wp-json\/wp\/v2\/types\/page"}],"author":[{"embeddable":true,"href":"https:\/\/nashvilleschool.edu.hn\/nsv\/web\/wp-json\/wp\/v2\/users\/1"}],"replies":[{"embeddable":true,"href":"https:\/\/nashvilleschool.edu.hn\/nsv\/web\/wp-json\/wp\/v2\/comments?post=1119"}],"version-history":[{"count":14,"href":"https:\/\/nashvilleschool.edu.hn\/nsv\/web\/wp-json\/wp\/v2\/pages\/1119\/revisions"}],"predecessor-version":[{"id":1758,"href":"https:\/\/nashvilleschool.edu.hn\/nsv\/web\/wp-json\/wp\/v2\/pages\/1119\/revisions\/1758"}],"wp:attachment":[{"href":"https:\/\/nashvilleschool.edu.hn\/nsv\/web\/wp-json\/wp\/v2\/media?parent=1119"}],"curies":[{"name":"wp","href":"https:\/\/api.w.org\/{rel}","templated":true}]}}