{"id":1105,"date":"2022-07-25T14:38:54","date_gmt":"2022-07-25T14:38:54","guid":{"rendered":"https:\/\/nashvilleschool.edu.hn\/nsv\/web\/?page_id=1105"},"modified":"2022-07-27T16:01:24","modified_gmt":"2022-07-27T16:01:24","slug":"programa-esl","status":"publish","type":"page","link":"https:\/\/nashvilleschool.edu.hn\/nsv\/web\/programa-esl\/","title":{"rendered":"PROGRAMA ESL\/LEP"},"content":{"rendered":"\n<div class=\"wp-block-media-text alignwide has-media-on-the-right is-stacked-on-mobile has-background\" style=\"background-color:#f1f5c7;grid-template-columns:auto 42%\"><figure class=\"wp-block-media-text__media\"><img loading=\"lazy\" decoding=\"async\" width=\"592\" height=\"370\" src=\"https:\/\/nashvilleschool.edu.hn\/nsv\/web\/wp-content\/uploads\/2022\/07\/Learn-English-edited.webp\" alt=\"\" class=\"wp-image-1081 size-full\" srcset=\"https:\/\/nashvilleschool.edu.hn\/nsv\/web\/wp-content\/uploads\/2022\/07\/Learn-English-edited.webp 592w, https:\/\/nashvilleschool.edu.hn\/nsv\/web\/wp-content\/uploads\/2022\/07\/Learn-English-edited-300x188.webp 300w, https:\/\/nashvilleschool.edu.hn\/nsv\/web\/wp-content\/uploads\/2022\/07\/Learn-English-edited-96x60.webp 96w\" sizes=\"auto, (max-width: 592px) 100vw, 592px\" \/><\/figure><div class=\"wp-block-media-text__content\">\n<div class=\"wp-block-group\" style=\"padding-top:2em;padding-right:2em;padding-bottom:2em;padding-left:2em\"><div class=\"wp-block-group__inner-container is-layout-flow wp-block-group-is-layout-flow\">\n<p>El ingl\u00e9s, al igual que los deportes, debe ser practicado constantemente para dominarlo.<br>El programa ESL, est\u00e1 dirigido a todos aquellos estudiantes que necesitan mejorar su  fluidez, comprensi\u00f3n lectora y auditiva, as\u00ed como la producci\u00f3n oral y escrita.<br>Este programa no es para principiantes, los estudiantes necesitan tener un  conocimiento  b\u00e1sico del idioma.<\/p>\n<\/div><\/div>\n<\/div><\/div>\n\n\n\n<div class=\"wp-block-media-text alignwide is-stacked-on-mobile is-vertically-aligned-center has-background\" style=\"background-color:#fffdea;grid-template-columns:42% auto\"><figure class=\"wp-block-media-text__media\"><img loading=\"lazy\" decoding=\"async\" width=\"800\" height=\"600\" src=\"https:\/\/nashvilleschool.edu.hn\/nsv\/web\/wp-content\/uploads\/2022\/07\/Nino-estudiando-escuela-2.jpg\" alt=\"\" class=\"wp-image-1107 size-full\" srcset=\"https:\/\/nashvilleschool.edu.hn\/nsv\/web\/wp-content\/uploads\/2022\/07\/Nino-estudiando-escuela-2.jpg 800w, https:\/\/nashvilleschool.edu.hn\/nsv\/web\/wp-content\/uploads\/2022\/07\/Nino-estudiando-escuela-2-300x225.jpg 300w, https:\/\/nashvilleschool.edu.hn\/nsv\/web\/wp-content\/uploads\/2022\/07\/Nino-estudiando-escuela-2-768x576.jpg 768w, https:\/\/nashvilleschool.edu.hn\/nsv\/web\/wp-content\/uploads\/2022\/07\/Nino-estudiando-escuela-2-80x60.jpg 80w\" sizes=\"auto, (max-width: 800px) 100vw, 800px\" \/><\/figure><div class=\"wp-block-media-text__content\">\n<div class=\"wp-block-group\" style=\"padding-top:2em;padding-right:2em;padding-bottom:2em;padding-left:2em\"><div class=\"wp-block-group__inner-container is-layout-flow wp-block-group-is-layout-flow\">\n<p>Es un programa, que le permitir\u00e1 adquirir competencias a trav\u00e9s de metodolog\u00eda<br>relacionada con el contenido acad\u00e9mico apropiado desde los puntos de vista ling\u00fc\u00edstico.<br>El programa permite brindar una atenci\u00f3n individualizada ya que el n\u00famero de participantes es peque\u00f1o en relaci\u00f3n al espacio \u00e1ulico regular.<\/p>\n\n\n\n<p class=\"has-extra-small-font-size\"><\/p>\n<\/div><\/div>\n<\/div><\/div>\n\n\n\n<div class=\"wp-block-group alignfull has-background\" style=\"background-color:#f8f4e4\"><div class=\"wp-block-group__inner-container is-layout-flow wp-block-group-is-layout-flow\">\n<div class=\"wp-block-columns alignwide is-layout-flex wp-container-core-columns-is-layout-9d6595d7 wp-block-columns-is-layout-flex\">\n<div class=\"wp-block-column is-layout-flow wp-block-column-is-layout-flow\">\n<p class=\"has-text-color\" style=\"color:#000000;font-size:5vw;line-height:1.1\"><strong>Programa LEP<\/strong><\/p>\n\n\n\n<div style=\"height:5px\" aria-hidden=\"true\" class=\"wp-block-spacer\"><\/div>\n<\/div>\n<\/div>\n\n\n\n<div class=\"wp-block-columns alignwide is-layout-flex wp-container-core-columns-is-layout-9d6595d7 wp-block-columns-is-layout-flex\">\n<div class=\"wp-block-column is-layout-flow wp-block-column-is-layout-flow\" style=\"flex-basis:33.62%\">\n<figure class=\"wp-block-image size-large is-resized\"><img loading=\"lazy\" decoding=\"async\" src=\"https:\/\/nashvilleschool.edu.hn\/nsv\/web\/wp-content\/uploads\/2022\/07\/pngwing.com-6-2-1024x869.png\" alt=\"\" class=\"wp-image-1182\" width=\"273\" height=\"231\" srcset=\"https:\/\/nashvilleschool.edu.hn\/nsv\/web\/wp-content\/uploads\/2022\/07\/pngwing.com-6-2-1024x869.png 1024w, https:\/\/nashvilleschool.edu.hn\/nsv\/web\/wp-content\/uploads\/2022\/07\/pngwing.com-6-2-300x255.png 300w, https:\/\/nashvilleschool.edu.hn\/nsv\/web\/wp-content\/uploads\/2022\/07\/pngwing.com-6-2-768x652.png 768w, https:\/\/nashvilleschool.edu.hn\/nsv\/web\/wp-content\/uploads\/2022\/07\/pngwing.com-6-2-71x60.png 71w, https:\/\/nashvilleschool.edu.hn\/nsv\/web\/wp-content\/uploads\/2022\/07\/pngwing.com-6-2.png 1236w\" sizes=\"auto, (max-width: 273px) 100vw, 273px\" \/><\/figure>\n<\/div>\n\n\n\n<div class=\"wp-block-column is-layout-flow wp-block-column-is-layout-flow\">\n<p>Es un programa (PRODUCCI\u00d3N LIMITADA DEL INGL\u00c9S) de inmersi\u00f3n, dirigido a los estudiantes que ingresan a nuestra instituci\u00f3n y no tienen ning\u00fan conocimiento del idioma.<br>Es decir, es un programa para principiantes. Es un tiempo donde los estudiantes construyen vocabulario, aprenden comandos, estructuras gramaticales e interact\u00faan en el idioma ingles para afirmar su confianza en la producci\u00f3n del mismo.<\/p>\n<\/div>\n<\/div>\n\n\n\n<div class=\"wp-block-columns alignwide is-layout-flex wp-container-core-columns-is-layout-9d6595d7 wp-block-columns-is-layout-flex\">\n<div class=\"wp-block-column is-vertically-aligned-center is-layout-flow wp-block-column-is-layout-flow\" style=\"flex-basis:33%\">\n<p class=\"has-text-align-left\">Es un programa Intensivo y de corta duraci\u00f3n, con solo tres niveles durante un a\u00f1o; en el  cual los estudiantes son preparados para comenzar su vida escolar biling\u00fce.<\/p>\n<\/div>\n\n\n\n<div class=\"wp-block-column is-layout-flow wp-block-column-is-layout-flow\" style=\"flex-basis:67%\"><div class=\"wp-block-image\">\n<figure class=\"aligncenter size-full is-resized\"><img loading=\"lazy\" decoding=\"async\" src=\"https:\/\/nashvilleschool.edu.hn\/nsv\/web\/wp-content\/uploads\/2022\/07\/images-5.jpg\" alt=\"\" class=\"wp-image-1181\" width=\"348\" height=\"231\" srcset=\"https:\/\/nashvilleschool.edu.hn\/nsv\/web\/wp-content\/uploads\/2022\/07\/images-5.jpg 275w, https:\/\/nashvilleschool.edu.hn\/nsv\/web\/wp-content\/uploads\/2022\/07\/images-5-90x60.jpg 90w\" sizes=\"auto, (max-width: 348px) 100vw, 348px\" \/><\/figure>\n<\/div><\/div>\n<\/div>\n<\/div><\/div>\n","protected":false},"excerpt":{"rendered":"<p>Programa LEP Es un programa (PRODUCCI\u00d3N LIMITADA DEL INGL\u00c9S) de inmersi\u00f3n, dirigido a los estudiantes que ingresan a nuestra instituci\u00f3n y no tienen ning\u00fan conocimiento del idioma.Es decir, es un programa para principiantes. Es un tiempo donde los estudiantes construyen vocabulario, aprenden comandos, estructuras gramaticales e interact\u00faan en el idioma ingles para afirmar su confianza &hellip; <\/p>\n","protected":false},"author":1,"featured_media":0,"parent":0,"menu_order":0,"comment_status":"closed","ping_status":"closed","template":"","meta":{"pagelayer_contact_templates":[],"_pagelayer_content":"","footnotes":""},"class_list":["post-1105","page","type-page","status-publish","hentry"],"_links":{"self":[{"href":"https:\/\/nashvilleschool.edu.hn\/nsv\/web\/wp-json\/wp\/v2\/pages\/1105","targetHints":{"allow":["GET"]}}],"collection":[{"href":"https:\/\/nashvilleschool.edu.hn\/nsv\/web\/wp-json\/wp\/v2\/pages"}],"about":[{"href":"https:\/\/nashvilleschool.edu.hn\/nsv\/web\/wp-json\/wp\/v2\/types\/page"}],"author":[{"embeddable":true,"href":"https:\/\/nashvilleschool.edu.hn\/nsv\/web\/wp-json\/wp\/v2\/users\/1"}],"replies":[{"embeddable":true,"href":"https:\/\/nashvilleschool.edu.hn\/nsv\/web\/wp-json\/wp\/v2\/comments?post=1105"}],"version-history":[{"count":4,"href":"https:\/\/nashvilleschool.edu.hn\/nsv\/web\/wp-json\/wp\/v2\/pages\/1105\/revisions"}],"predecessor-version":[{"id":1183,"href":"https:\/\/nashvilleschool.edu.hn\/nsv\/web\/wp-json\/wp\/v2\/pages\/1105\/revisions\/1183"}],"wp:attachment":[{"href":"https:\/\/nashvilleschool.edu.hn\/nsv\/web\/wp-json\/wp\/v2\/media?parent=1105"}],"curies":[{"name":"wp","href":"https:\/\/api.w.org\/{rel}","templated":true}]}}