{"id":1084,"date":"2022-07-27T17:10:39","date_gmt":"2022-07-27T17:10:39","guid":{"rendered":"https:\/\/nashvilleschool.edu.hn\/nsv\/web\/?page_id=1084"},"modified":"2023-03-18T19:32:39","modified_gmt":"2023-03-18T19:32:39","slug":"frances-como-tercera-lengua","status":"publish","type":"page","link":"https:\/\/nashvilleschool.edu.hn\/nsv\/web\/frances-como-tercera-lengua\/","title":{"rendered":"Franc\u00e9s como Tercera Lengua"},"content":{"rendered":"\n\n\n\n\n\n\n<p style=\"text-align: right; \"><span style=\"font-size: 20px; color: rgb(255, 255, 255);\"><strong style=\"line-height: 1;\">LOREM CORPORATE CEO<\/strong><\/span><\/p><p style=\"text-align: center;\"><span style=\"color: rgb(255, 255, 255);\">Duis aute irure dolor in reprehenderit in voluptate velit esse cillum dolore eu fugiat nulla pariatur. Excepteur sint occaecat cupidatat non proident, sunt in culpa qui officia deserunt mollit anim id est laborum.<\/span><\/p><p style=\"text-align: left;\"><sign>&nbsp; &nbsp; &nbsp; <span style=\"line-height: 2.0;\">Benn Marshall<\/span><\/sign><\/p>\n\n\n<h3 class=\"MsoNormal\" style=\"text-align:justify\"><span lang=\"ES-MX\" style=\"font-size:14.0pt;line-height:107%;font-family:&quot;Times New Roman&quot;,serif;\nmso-ansi-language:ES-MX\"><span style=\"color:#000000;\">El objetivo de esta clase es introducir al estudiante\na una nueva cultura y aprendizaje, adquiriendo una gran variedad de habilidades\nling\u00fc\u00edsticas, tanto activas como pasivas, que permitir\u00e1n expresarse en\nsituaciones de la vida cotidiana y profesional.&nbsp;<\/span><o:p><\/o:p><\/span><\/h3>\n\n\n<h3 class=\"MsoNormal\" style=\"text-align:justify\"><span lang=\"ES-MX\" style=\"font-size:14.0pt;line-height:107%;font-family:&quot;Times New Roman&quot;,serif;\nmso-ansi-language:ES-MX\"><font style=\"vertical-align: inherit;\"><font style=\"vertical-align: inherit;\">El Estudiante podra lograrar comunicarse de forma eficaz y asi mismo podra desarrollando las competencias iniciales hasta lograr alcanzar un nivel intermedio, con una metodolog\u00eda que se basa en el uso activo del franc\u00e9s en un entorno din\u00e1mico.<\/font><\/font><\/span><\/h3>\n\n\n\n\n\n\n\n\n\n\n\n<h3 class=\"MsoNormal\" style=\"text-align:justify\"><span lang=\"ES-MX\" style=\"font-size:14.0pt;line-height:107%;font-family:&quot;Times New Roman&quot;,serif;\nmso-ansi-language:ES-MX\"><font style=\"vertical-align: inherit;\"><font style=\"vertical-align: inherit;\"> <\/font><font style=\"vertical-align: inherit;\"><font style=\"vertical-align: inherit;\"><font style=\"vertical-align: inherit;\">Se recurrir\u00e1 al uso de interacciones simuladas, actividades con din\u00e1mica de grupos, casos, materiales multimedia y otro material aut\u00e9ntico y especializado.&nbsp;<\/font><\/font><\/font><\/font><o:p><\/o:p><\/span><\/h3>\n\n\n\n\n<p style=\"text-align: right; \"><span style=\"font-size: 20px; color: rgb(255, 255, 255);\"><strong style=\"line-height: 1;\">LOREM CORPORATE CEO<\/strong><\/span><\/p><p style=\"text-align: center;\"><span style=\"color: rgb(255, 255, 255);\">Duis aute irure dolor in reprehenderit in voluptate velit esse cillum dolore eu fugiat nulla pariatur. Excepteur sint occaecat cupidatat non proident, sunt in culpa qui officia deserunt mollit anim id est laborum.<\/span><\/p><p style=\"text-align: left;\"><sign>&nbsp; &nbsp; &nbsp; <span style=\"line-height: 2.0;\">Benn Marshall<\/span><\/sign><\/p>\n\n\n\n\n\n\n\n\n\n\n\n\n\n<h3>Nuestra Actividades&nbsp;<\/h3>\n\n\n\n\n\n\n\n\n","protected":false},"excerpt":{"rendered":"","protected":false},"author":1,"featured_media":0,"parent":0,"menu_order":0,"comment_status":"closed","ping_status":"closed","template":"","meta":{"pagelayer_contact_templates":[],"_pagelayer_content":"","footnotes":""},"class_list":["post-1084","page","type-page","status-publish","hentry"],"_links":{"self":[{"href":"https:\/\/nashvilleschool.edu.hn\/nsv\/web\/wp-json\/wp\/v2\/pages\/1084","targetHints":{"allow":["GET"]}}],"collection":[{"href":"https:\/\/nashvilleschool.edu.hn\/nsv\/web\/wp-json\/wp\/v2\/pages"}],"about":[{"href":"https:\/\/nashvilleschool.edu.hn\/nsv\/web\/wp-json\/wp\/v2\/types\/page"}],"author":[{"embeddable":true,"href":"https:\/\/nashvilleschool.edu.hn\/nsv\/web\/wp-json\/wp\/v2\/users\/1"}],"replies":[{"embeddable":true,"href":"https:\/\/nashvilleschool.edu.hn\/nsv\/web\/wp-json\/wp\/v2\/comments?post=1084"}],"version-history":[{"count":13,"href":"https:\/\/nashvilleschool.edu.hn\/nsv\/web\/wp-json\/wp\/v2\/pages\/1084\/revisions"}],"predecessor-version":[{"id":1393,"href":"https:\/\/nashvilleschool.edu.hn\/nsv\/web\/wp-json\/wp\/v2\/pages\/1084\/revisions\/1393"}],"wp:attachment":[{"href":"https:\/\/nashvilleschool.edu.hn\/nsv\/web\/wp-json\/wp\/v2\/media?parent=1084"}],"curies":[{"name":"wp","href":"https:\/\/api.w.org\/{rel}","templated":true}]}}